{"id":9536,"date":"2025-06-10T16:19:31","date_gmt":"2025-06-10T13:19:31","guid":{"rendered":"https:\/\/www.alkishaliyikama.com\/?page_id=9536"},"modified":"2025-06-22T18:11:51","modified_gmt":"2025-06-22T15:11:51","slug":"stor-perde-yikama","status":"publish","type":"page","link":"https:\/\/www.alkishaliyikama.com\/index.php\/hizmetlerimiz\/stor-perde-yikama\/","title":{"rendered":"Stor Perde Y\u0131kama"},"content":{"rendered":"<div class=\"wpb-content-wrapper\"><p>[vc_section woodmart_css_id=&#8221;68581d3480e74&#8243; responsive_spacing=&#8221;eyJwYXJhbV90eXBlIjoid29vZG1hcnRfcmVzcG9uc2l2ZV9zcGFjaW5nIiwic2VsZWN0b3JfaWQiOiI2ODU4MWQzNDgwZTc0Iiwic2hvcnRjb2RlIjoidmNfc2VjdGlvbiIsImRhdGEiOnsidGFibGV0Ijp7fSwibW9iaWxlIjp7fX19&#8243; mobile_bg_img_hidden=&#8221;no&#8221; tablet_bg_img_hidden=&#8221;no&#8221; woodmart_parallax=&#8221;0&#8243; woodmart_gradient_switch=&#8221;no&#8221; woodmart_box_shadow=&#8221;no&#8221; wd_z_index=&#8221;no&#8221; woodmart_disable_overflow=&#8221;0&#8243;][vc_row][vc_column width=&#8221;1\/2&#8243;]\n\t\t<div id=\"wd-6848300496bd4\" class=\"title-wrapper wd-wpb wd-set-mb reset-last-child  wd-rs-6848300496bd4 wd-title-color-default wd-title-style-default text-left  wd-underline-colored\">\n\t\t\t\t\t\t\t\n\t\t\t\t<div class=\"title-subtitle  subtitle-color-default font-alt subtitle-style-default wd-font-weight- wd-fontsize-xs\">Alk\u0131\u015f Temizlik ve Hal\u0131 Y\u0131kama Fabrikas\u0131<\/div>\n\t\t\t\n\t\t\t<div class=\"liner-continer\">\n\t\t\t\t<h4 class=\"woodmart-title-container title  wd-font-weight- wd-fontsize-l\" >Stor Perde Y\u0131kama Hizmeti | Alk\u0131\u015f Hal\u0131 Y\u0131kama ile \u00d6zel Hijyen ve \u00d6zen<\/h4>\n\t\t\t\t\t\t\t<\/div>\n\t\t\t\n\t\t\t\n\t\t\t\n\t\t<\/div>\n\t\t\n\t\t\t\t<div id=\"wd-684830322d94a\" class=\"wd-text-block wd-wpb reset-last-child wd-rs-684830322d94a text-left \">\n\t\t\t<p data-start=\"451\" data-end=\"802\">Evlerin ve ofislerin en \u00e7ok kirlenen ancak en az fark edilen e\u015fyalar\u0131ndan biri <strong data-start=\"530\" data-end=\"547\">stor perdeler<\/strong>dir. Toz, is, yemek buhar\u0131, sigara duman\u0131 gibi pek \u00e7ok d\u0131\u015f etken stor perdelerin y\u00fczeyine i\u015fler ve zamanla k\u00f6t\u00fc kokuya, renk solmalar\u0131na ve alerjen birikimine yol a\u00e7ar. Ancak stor perdeler hassas yap\u0131lar\u0131 nedeniyle <strong data-start=\"762\" data-end=\"790\">\u00f6zel temizlik teknikleri<\/strong> gerektirir.<\/p>\n<p data-start=\"804\" data-end=\"1049\"><strong data-start=\"804\" data-end=\"825\">Alk\u0131\u015f Hal\u0131 Y\u0131kama<\/strong> olarak, <strong data-start=\"834\" data-end=\"895\">\u0130zmit ve \u00e7evresinde profesyonel stor perde y\u0131kama hizmeti<\/strong> sunuyoruz. Y\u00fcksek teknolojili ekipmanlar\u0131m\u0131z ve uzman ekibimiz ile stor perdelerinizi y\u0131pratmadan, deforme etmeden, ilk g\u00fcnk\u00fc temizli\u011fine kavu\u015fturuyoruz.<\/p>\n\t\t<\/div>\n\t\t[\/vc_column][vc_column width=&#8221;1\/2&#8243;]\t\t<div id=\"wd-6848301252e17\" class=\"wd-image wd-wpb wd-rs-6848301252e17 text-right \">\n\t\t\t\n\t\t\t<img loading=\"lazy\" decoding=\"async\" width=\"370\" height=\"300\" src=\"https:\/\/www.alkishaliyikama.com\/wp-content\/uploads\/2025\/06\/Stor-Perde-Yikama-Hizmeti-Kocaeli-Izmit-Korfez-Malta-Yesilova-Umuttepe-Alkis-Hali-Yikamada.jpg\" class=\"attachment-medium size-medium\" alt=\"Stor Perde Y\u0131kama Hizmeti Kocaeli \u0130zmit K\u00f6rfez Malta Ye\u015filova Umuttepe Alk\u0131\u015f Hal\u0131 Y\u0131kama&#039;da!\" \/>\n\t\t\t\t\t<\/div>\n\t\t[\/vc_column][\/vc_row][vc_row][vc_column]\n\t\t<div id=\"wd-6848304a1d8be\" class=\"title-wrapper wd-wpb wd-set-mb reset-last-child  wd-rs-6848304a1d8be wd-title-color-default wd-title-style-default text-left  wd-underline-colored\">\n\t\t\t\n\t\t\t<div class=\"liner-continer\">\n\t\t\t\t<h4 class=\"woodmart-title-container title  wd-font-weight- wd-fontsize-l\" >Stor Perde Neden Profesyonel ve \u00d6zel Temizlik Gerekir?<\/h4>\n\t\t\t\t\t\t\t<\/div>\n\t\t\t\n\t\t\t\n\t\t\t\n\t\t<\/div>\n\t\t\n\t\t\t\t<div id=\"wd-6848303f2556b\" class=\"wd-text-block wd-wpb reset-last-child wd-rs-6848303f2556b text-left \">\n\t\t\t<p data-start=\"1106\" data-end=\"1285\">Stor perdeler, rulo mekanizmal\u0131 ve \u00e7o\u011fu zaman polyester bazl\u0131 malzemeden \u00fcretilmi\u015f hassas \u00fcr\u00fcnlerdir. Evde yap\u0131lan yanl\u0131\u015f temizlik uygulamalar\u0131 a\u015fa\u011f\u0131daki gibi riskler do\u011furabilir:<\/p>\n<p data-start=\"1287\" data-end=\"1467\">???? Kuma\u015fta b\u00fcz\u00fclme veya \u015fekil bozuklu\u011fu<br data-start=\"1326\" data-end=\"1329\" \/>???? Mekanizman\u0131n paslanmas\u0131 veya ar\u0131zalanmas\u0131<br data-start=\"1373\" data-end=\"1376\" \/>???? Leke \u00e7\u0131karma s\u0131ras\u0131nda renk solmas\u0131<br data-start=\"1414\" data-end=\"1417\" \/>???? Stor perdenin kuma\u015f\u0131n\u0131n k\u0131r\u0131\u015fmas\u0131 ya da kopmas\u0131<\/p>\n<p data-start=\"1469\" data-end=\"1563\">Bu nedenle <strong data-start=\"1480\" data-end=\"1508\">stor perde y\u0131kama i\u015flemi<\/strong>, uzman ekip ve \u00f6zel makinelerle ger\u00e7ekle\u015ftirilmelidir.<\/p>\n\t\t<\/div>\n\t\t[\/vc_column][\/vc_row][vc_row][vc_column]\n\t\t<div id=\"wd-684830615218b\" class=\"title-wrapper wd-wpb wd-set-mb reset-last-child  wd-rs-684830615218b wd-title-color-default wd-title-style-default text-left  wd-underline-colored\">\n\t\t\t\n\t\t\t<div class=\"liner-continer\">\n\t\t\t\t<h4 class=\"woodmart-title-container title  wd-font-weight- wd-fontsize-l\" >Alk\u0131\u015f Hal\u0131 Y\u0131kama\u2019da Stor Perde Nas\u0131l Y\u0131kan\u0131r?<\/h4>\n\t\t\t\t\t\t\t<\/div>\n\t\t\t\n\t\t\t\n\t\t\t\n\t\t<\/div>\n\t\t\n\t\t\t\t<div id=\"wd-6848306daec03\" class=\"wd-text-block wd-wpb reset-last-child wd-rs-6848306daec03 text-left \">\n\t\t\t<p data-start=\"1526\" data-end=\"1589\">???? <strong data-start=\"1632\" data-end=\"1647\">\u00d6n Kontrol:<\/strong> Perdenin kuma\u015f\u0131, mekanizmas\u0131 ve lekeleri analiz edilir.<br data-start=\"1703\" data-end=\"1706\" \/>???? <strong data-start=\"1709\" data-end=\"1730\">Tozdan Ar\u0131nd\u0131rma:<\/strong> Y\u00fczeyde birikmi\u015f tozlar \u00f6zel vakum sistemleriyle temizlenir.<br data-start=\"1791\" data-end=\"1794\" \/>???? <strong data-start=\"1797\" data-end=\"1820\">Organik Leke \u00c7\u00f6zme:<\/strong> Leke t\u00fcr\u00fcne g\u00f6re, perdeye zarar vermeyen bitkisel bazl\u0131 temizleyiciler uygulan\u0131r.<br data-start=\"1902\" data-end=\"1905\" \/>???? <strong data-start=\"1908\" data-end=\"1926\">Hassas Y\u0131kama:<\/strong> Perdenin dokusuna g\u00f6re uygun programda, d\u00fc\u015f\u00fck devirli ve \u00f6zel makinelerde y\u0131kama yap\u0131l\u0131r.<br data-start=\"2016\" data-end=\"2019\" \/>???? <strong data-start=\"2022\" data-end=\"2035\">Durulama:<\/strong> Sabun ve leke kal\u0131nt\u0131lar\u0131 tamamen uzakla\u015ft\u0131r\u0131l\u0131r.<br data-start=\"2085\" data-end=\"2088\" \/>????\ufe0f <strong data-start=\"2092\" data-end=\"2110\">D\u00fc\u015fey Kurutma:<\/strong> K\u0131r\u0131\u015f\u0131kl\u0131k ve deformasyon olu\u015fmamas\u0131 i\u00e7in \u00f6zel dikey ask\u0131larda kurutma sa\u011flan\u0131r.<br data-start=\"2191\" data-end=\"2194\" \/>???? <strong data-start=\"2197\" data-end=\"2222\">Paketleme &amp; Teslimat:<\/strong> Temizli\u011fi tamamlanan perdeler \u00f6zenle ambalajlan\u0131r ve adrese teslim edilir.<\/p>\n\t\t<\/div>\n\t\t[\/vc_column][\/vc_row][vc_row][vc_column]\n\t\t<div id=\"wd-684830858ff53\" class=\"title-wrapper wd-wpb wd-set-mb reset-last-child  wd-rs-684830858ff53 wd-title-color-default wd-title-style-default text-left  wd-underline-colored\">\n\t\t\t\n\t\t\t<div class=\"liner-continer\">\n\t\t\t\t<h4 class=\"woodmart-title-container title  wd-font-weight- wd-fontsize-l\" >Neden Stor Perdenizi Alk\u0131\u015f Hal\u0131 Y\u0131kama\u2019ya Emanet Etmelisiniz?<\/h4>\n\t\t\t\t\t\t\t<\/div>\n\t\t\t\n\t\t\t\n\t\t\t\n\t\t<\/div>\n\t\t\n\t\t\t\t<div id=\"wd-68483079f1dfa\" class=\"wd-text-block wd-wpb reset-last-child wd-rs-68483079f1dfa text-left \">\n\t\t\t<p data-start=\"2334\" data-end=\"2670\">\u2705 <strong data-start=\"2336\" data-end=\"2388\">Stor perdeye \u00f6zel makineler ve temizlik \u00fcr\u00fcnleri<\/strong><br data-start=\"2388\" data-end=\"2391\" \/>\u2705 <strong data-start=\"2393\" data-end=\"2442\">Kuma\u015fa zarar vermeyen, hijyenik y\u0131kama s\u00fcreci<\/strong><br data-start=\"2442\" data-end=\"2445\" \/>\u2705 <strong data-start=\"2447\" data-end=\"2502\">\u0130zmit ve \u00e7evresinde \u00fccretsiz servis (al\u0131m \u2013 teslim)<\/strong><br data-start=\"2502\" data-end=\"2505\" \/>\u2705 <strong data-start=\"2507\" data-end=\"2569\">K\u0131r\u0131\u015fma, b\u00fcz\u00fclme ve solma riskine kar\u015f\u0131 garantili temizlik<\/strong><br data-start=\"2569\" data-end=\"2572\" \/>\u2705 <strong data-start=\"2574\" data-end=\"2612\">%100 m\u00fc\u015fteri memnuniyeti garantisi<\/strong><br data-start=\"2612\" data-end=\"2615\" \/>\u2705 <strong data-start=\"2617\" data-end=\"2670\">Ev ve ofislere \u00f6zel toplu perde y\u0131kama hizmetleri<\/strong><\/p>\n\t\t<\/div>\n\t\t[\/vc_column][\/vc_row][vc_row][vc_column]\n\t\t<div id=\"wd-68482dda3f208\" class=\"title-wrapper wd-wpb wd-set-mb reset-last-child  wd-rs-68482dda3f208 wd-title-color-default wd-title-style-default text-left  wd-underline-colored\">\n\t\t\t\n\t\t\t<div class=\"liner-continer\">\n\t\t\t\t<h4 class=\"woodmart-title-container title  wd-font-weight- wd-fontsize-l\" >Nepal Hal\u0131 Y\u0131kama Hakk\u0131nda S\u0131k Sorulan Sorular<\/h4>\n\t\t\t\t\t\t\t<\/div>\n\t\t\t\n\t\t\t\n\t\t\t\n\t\t<\/div>\n\t\t\n\t\t\t\t<div id=\"wd-68483094aa2eb\" class=\"wd-text-block wd-wpb reset-last-child wd-rs-68483094aa2eb text-left \">\n\t\t\t<p data-start=\"3407\" data-end=\"3578\"><strong data-start=\"3407\" data-end=\"3445\">\u2753Stor perdeler evde y\u0131kanabilir mi?<\/strong><br data-start=\"3445\" data-end=\"3448\" \/>\u27a1Hay\u0131r. Evde yap\u0131lan y\u0131kamalar, perde mekanizmas\u0131na zarar verebilir. Ayr\u0131ca kuma\u015fta kal\u0131c\u0131 k\u0131r\u0131\u015f\u0131kl\u0131k ve renk de\u011fi\u015fimi riski do\u011far.<\/p>\n<p data-start=\"3580\" data-end=\"3708\"><strong data-start=\"3580\" data-end=\"3619\">\u2753Stor perde ka\u00e7 g\u00fcnde teslim edilir?<\/strong><br data-start=\"3619\" data-end=\"3622\" \/>\u27a1Teslimat s\u00fcremiz genellikle 2\u20133 i\u015f g\u00fcn\u00fcd\u00fcr. Yo\u011funlu\u011fa g\u00f6re ekspres hizmet sunabiliriz.<\/p>\n<p data-start=\"3710\" data-end=\"3863\"><strong data-start=\"3710\" data-end=\"3751\">\u2753Perdeyi kendimiz s\u00f6k\u00fcp takmal\u0131 m\u0131y\u0131z?<\/strong><br data-start=\"3751\" data-end=\"3754\" \/>\u27a1Hay\u0131r. Dilerseniz \u00fccretsiz servisimiz sayesinde perdeyi yerinden al\u0131yor, y\u0131kay\u0131p ayn\u0131 \u015fekilde geri tak\u0131yoruz.<\/p>\n\t\t<\/div>\n\t\t[\/vc_column][\/vc_row][vc_row][vc_column]\n\t\t<div id=\"wd-6847e5fd976d5\" class=\"title-wrapper wd-wpb wd-set-mb reset-last-child  wd-rs-6847e5fd976d5 wd-title-color-default wd-title-style-default text-left  wd-underline-colored\">\n\t\t\t\n\t\t\t<div class=\"liner-continer\">\n\t\t\t\t<h4 class=\"woodmart-title-container title  wd-font-weight- wd-fontsize-l\" >Hangi B\u00f6lgelerdeyiz?<\/h4>\n\t\t\t\t\t\t\t<\/div>\n\t\t\t\n\t\t\t\n\t\t\t\n\t\t<\/div>\n\t\t\n\t\t\t\t<div id=\"wd-684820aa1c28f\" class=\"wd-text-block wd-wpb reset-last-child wd-rs-684820aa1c28f text-left \">\n\t\t\t<p data-start=\"3046\" data-end=\"3462\"><strong data-start=\"3046\" data-end=\"3067\">Alk\u0131\u015f Hal\u0131 Y\u0131kama<\/strong>, ba\u015fta \u0130zmit olmak \u00fczere \u015fu b\u00f6lgelerde h\u0131zl\u0131 ve profesyonel hizmet sunar:<br data-start=\"3141\" data-end=\"3144\" \/>???? \u0130zmit, Yahyakaptan, Ye\u015filova, Malta, Umuttepe, K\u00f6rfez, Yeni\u015fehir, Ba\u015fiskele, Sanayi, Kuru\u00e7e\u015fme, Plajyolu, Kad\u0131k\u00f6y, Karaba\u015f, Merkez, Ayazma, Kartepe, Alemdar, G\u00fcndo\u011fdu, 60 Evler, Yenikent, T\u00fcys\u00fczler, Orduevi, Halkevi, Bekirpa\u015fa, G\u00fcltepe, Alikahya, Ak\u00e7akoca, Tav\u015fantepe, 28 Haziran, Orhan, Turgut, Top\u00e7ular, Cedit ve \u00e7evresi.<\/p>\n\t\t<\/div>\n\t\t[\/vc_column][\/vc_row][vc_row][vc_column]\n\t\t<div id=\"wd-6847e61118107\" class=\"title-wrapper wd-wpb wd-set-mb reset-last-child  wd-rs-6847e61118107 wd-title-color-default wd-title-style-default text-left  wd-underline-colored\">\n\t\t\t\n\t\t\t<div class=\"liner-continer\">\n\t\t\t\t<h4 class=\"woodmart-title-container title  wd-font-weight- wd-fontsize-l\" >Hayal Etti\u011finiz Temizlik \u0130\u00e7in Alk\u0131\u015f Hal\u0131 Y\u0131kama<\/h4>\n\t\t\t\t\t\t\t<\/div>\n\t\t\t\n\t\t\t\n\t\t\t\n\t\t<\/div>\n\t\t\n\t\t\t\t<div id=\"wd-684830d3ba326\" class=\"wd-text-block wd-wpb reset-last-child wd-rs-684830d3ba326 text-left \">\n\t\t\t<p data-start=\"4795\" data-end=\"5036\">Kalitenin ve g\u00fcvenin adresi <strong data-start=\"4823\" data-end=\"4844\">Alk\u0131\u015f Hal\u0131 Y\u0131kama<\/strong>, <strong data-start=\"4846\" data-end=\"4878\">Kocaeli \u0130zmit stor perde y\u0131kama<\/strong> hizmetinde lider markalardan biri olman\u0131n gururunu ya\u015famaktad\u0131r. H\u0131zl\u0131, ekonomik ve g\u00fcvenilir \u00e7\u00f6z\u00fcmlerimizden faydalanmak i\u00e7in hemen bizimle ileti\u015fime ge\u00e7in!<\/p>\n<p data-start=\"4795\" data-end=\"5036\">El eme\u011fi g\u00f6z nuru hal\u0131lar\u0131n\u0131z i\u00e7in s\u0131radan \u00e7\u00f6z\u00fcmler de\u011fil, <strong data-start=\"4306\" data-end=\"4320\">\u00f6zel bak\u0131m<\/strong> sunuyoruz. <strong data-start=\"4332\" data-end=\"4384\">Temizlik, kalite ve g\u00fcveni bir arada ar\u0131yorsan\u0131z<\/strong>, Alk\u0131\u015f Hal\u0131 Y\u0131kama tam size g\u00f6re!<\/p>\n<p data-start=\"5038\" data-end=\"5169\">???? <strong data-start=\"3195\" data-end=\"3203\">Web:<\/strong> <a class=\"\" href=\"http:\/\/www.alkishaliyikama.com\" target=\"_new\" rel=\"noopener\" data-start=\"3204\" data-end=\"3227\">www.alkishaliyikama.com<\/a><\/p>\n<p data-start=\"5038\" data-end=\"5169\">???? <strong data-start=\"5041\" data-end=\"5054\">\u0130leti\u015fim:<\/strong> +90 (552) 551 41 01<br data-start=\"5074\" data-end=\"5077\" \/>???? <strong data-start=\"5080\" data-end=\"5101\">Hizmet B\u00f6lgeleri:<\/strong> \u0130zmit, Yahyakaptan, K\u00f6rfez, Umuttepe, Derince, Ye\u015filova ve \u00e7evresi.<\/p>\n\t\t<\/div>\n\t\t[\/vc_column][\/vc_row][vc_row][vc_column]\n\t\t<div id=\"wd-6847e64bd5dee\" class=\"title-wrapper wd-wpb wd-set-mb reset-last-child  wd-rs-6847e64bd5dee wd-title-color-default wd-title-style-default text-left  wd-underline-colored\">\n\t\t\t\n\t\t\t<div class=\"liner-continer\">\n\t\t\t\t<h4 class=\"woodmart-title-container title  wd-font-weight- wd-fontsize-l\" >Temizlikte \u00d6zel Kaliteyi Alk\u0131\u015flay\u0131n!<\/h4>\n\t\t\t\t\t\t\t<\/div>\n\t\t\t\n\t\t\t\n\t\t\t\n\t\t<\/div>\n\t\t\n\t\t\t\t<div id=\"wd-6847e655a18f5\" class=\"wd-text-block wd-wpb reset-last-child wd-rs-6847e655a18f5 text-left \">\n\t\t\t<p data-start=\"3801\" data-end=\"3998\">Hijyenin ve g\u00fcvenin simgesi olan <strong data-start=\"3834\" data-end=\"3855\">Alk\u0131\u015f Hal\u0131 Y\u0131kama<\/strong>, hal\u0131lar\u0131n\u0131z i\u00e7in en ideal temizlik \u00e7\u00f6z\u00fcm\u00fcn\u00fc sunar. Hemen \u015fimdi bizimle ileti\u015fime ge\u00e7in, hal\u0131lar\u0131n\u0131z\u0131 tertemiz teslim alman\u0131n keyfini ya\u015fay\u0131n!<\/p>\n\t\t<\/div>\n\t\t[\/vc_column][\/vc_row][\/vc_section]<\/p>\n<\/div>","protected":false},"excerpt":{"rendered":"<p>[vc_section woodmart_css_id=&#8221;68581d3480e74&#8243; responsive_spacing=&#8221;eyJwYXJhbV90eXBlIjoid29vZG1hcnRfcmVzcG9uc2l2ZV9zcGFjaW5nIiwic2VsZWN0b3JfaWQiOiI2ODU4MWQzNDgwZTc0Iiwic2hvcnRjb2RlIjoidmNfc2VjdGlvbiIsImRhdGEiOnsidGFibGV0Ijp7fSwibW9iaWxlIjp7fX19&#8243; mobile_bg_img_hidden=&#8221;no&#8221; tablet_bg_img_hidden=&#8221;no&#8221; woodmart_parallax=&#8221;0&#8243; woodmart_gradient_switch=&#8221;no&#8221; woodmart_box_shadow=&#8221;no&#8221; wd_z_index=&#8221;no&#8221; woodmart_disable_overflow=&#8221;0&#8243;][vc_row][vc_column width=&#8221;1\/2&#8243;][\/vc_column][vc_column width=&#8221;1\/2&#8243;][\/vc_column][\/vc_row][vc_row][vc_column][\/vc_column][\/vc_row][vc_row][vc_column][\/vc_column][\/vc_row][vc_row][vc_column][\/vc_column][\/vc_row][vc_row][vc_column][\/vc_column][\/vc_row][vc_row][vc_column][\/vc_column][\/vc_row][vc_row][vc_column][\/vc_column][\/vc_row][vc_row][vc_column][\/vc_column][\/vc_row][\/vc_section]<\/p>\n","protected":false},"author":1,"featured_media":0,"parent":9504,"menu_order":0,"comment_status":"closed","ping_status":"closed","template":"","meta":{"footnotes":""},"class_list":["post-9536","page","type-page","status-publish","hentry"],"_links":{"self":[{"href":"https:\/\/www.alkishaliyikama.com\/index.php\/wp-json\/wp\/v2\/pages\/9536","targetHints":{"allow":["GET"]}}],"collection":[{"href":"https:\/\/www.alkishaliyikama.com\/index.php\/wp-json\/wp\/v2\/pages"}],"about":[{"href":"https:\/\/www.alkishaliyikama.com\/index.php\/wp-json\/wp\/v2\/types\/page"}],"author":[{"embeddable":true,"href":"https:\/\/www.alkishaliyikama.com\/index.php\/wp-json\/wp\/v2\/users\/1"}],"replies":[{"embeddable":true,"href":"https:\/\/www.alkishaliyikama.com\/index.php\/wp-json\/wp\/v2\/comments?post=9536"}],"version-history":[{"count":2,"href":"https:\/\/www.alkishaliyikama.com\/index.php\/wp-json\/wp\/v2\/pages\/9536\/revisions"}],"predecessor-version":[{"id":9692,"href":"https:\/\/www.alkishaliyikama.com\/index.php\/wp-json\/wp\/v2\/pages\/9536\/revisions\/9692"}],"up":[{"embeddable":true,"href":"https:\/\/www.alkishaliyikama.com\/index.php\/wp-json\/wp\/v2\/pages\/9504"}],"wp:attachment":[{"href":"https:\/\/www.alkishaliyikama.com\/index.php\/wp-json\/wp\/v2\/media?parent=9536"}],"curies":[{"name":"wp","href":"https:\/\/api.w.org\/{rel}","templated":true}]}}