{"id":9520,"date":"2025-06-10T15:53:51","date_gmt":"2025-06-10T12:53:51","guid":{"rendered":"https:\/\/www.alkishaliyikama.com\/?page_id=9520"},"modified":"2025-06-22T18:12:03","modified_gmt":"2025-06-22T15:12:03","slug":"bambu-hali-yikama","status":"publish","type":"page","link":"https:\/\/www.alkishaliyikama.com\/index.php\/hizmetlerimiz\/bambu-hali-yikama\/","title":{"rendered":"Bambu Hal\u0131 Y\u0131kama"},"content":{"rendered":"<div class=\"wpb-content-wrapper\"><p>[vc_section woodmart_css_id=&#8221;68581d4027d38&#8243; responsive_spacing=&#8221;eyJwYXJhbV90eXBlIjoid29vZG1hcnRfcmVzcG9uc2l2ZV9zcGFjaW5nIiwic2VsZWN0b3JfaWQiOiI2ODU4MWQ0MDI3ZDM4Iiwic2hvcnRjb2RlIjoidmNfc2VjdGlvbiIsImRhdGEiOnsidGFibGV0Ijp7fSwibW9iaWxlIjp7fX19&#8243; mobile_bg_img_hidden=&#8221;no&#8221; tablet_bg_img_hidden=&#8221;no&#8221; woodmart_parallax=&#8221;0&#8243; woodmart_gradient_switch=&#8221;no&#8221; woodmart_box_shadow=&#8221;no&#8221; wd_z_index=&#8221;no&#8221; woodmart_disable_overflow=&#8221;0&#8243;][vc_row][vc_column width=&#8221;1\/2&#8243;]\n\t\t<div id=\"wd-68482a14dad35\" class=\"title-wrapper wd-wpb wd-set-mb reset-last-child  wd-rs-68482a14dad35 wd-title-color-default wd-title-style-default text-left  wd-underline-colored\">\n\t\t\t\t\t\t\t\n\t\t\t\t<div class=\"title-subtitle  subtitle-color-default font-alt subtitle-style-default wd-font-weight- wd-fontsize-xs\">Alk\u0131\u015f Temizlik ve Hal\u0131 Y\u0131kama Fabrikas\u0131<\/div>\n\t\t\t\n\t\t\t<div class=\"liner-continer\">\n\t\t\t\t<h4 class=\"woodmart-title-container title  wd-font-weight- wd-fontsize-l\" >Bambu Hal\u0131 Y\u0131kama Hizmetinde Uzmanl\u0131k: Alk\u0131\u015f Hal\u0131 Y\u0131kama ile Do\u011fall\u0131\u011f\u0131 Korumak Art\u0131k \u00c7ok Kolay<\/h4>\n\t\t\t\t\t\t\t<\/div>\n\t\t\t\n\t\t\t\n\t\t\t\n\t\t<\/div>\n\t\t\n\t\t\t\t<div id=\"wd-68482a1dc1ea8\" class=\"wd-text-block wd-wpb reset-last-child wd-rs-68482a1dc1ea8 text-left \">\n\t\t\t<p data-start=\"422\" data-end=\"707\"><strong data-start=\"422\" data-end=\"439\">Bambu hal\u0131lar<\/strong>, do\u011fall\u0131\u011f\u0131, zarafeti ve yumu\u015fak dokusuyla hem modern hem klasik dekorasyonlarda en \u00e7ok tercih edilen hal\u0131 t\u00fcrlerinden biridir. Ancak bu \u00f6zel hal\u0131lar\u0131n temizli\u011fi, standart y\u00f6ntemlerle yap\u0131lamaz. \u00c7\u00fcnk\u00fc bambu lifleri; \u0131s\u0131ya, neme ve kimyasallara kar\u015f\u0131 olduk\u00e7a hassast\u0131r.<\/p>\n<p data-start=\"709\" data-end=\"885\"><strong data-start=\"709\" data-end=\"730\">Alk\u0131\u015f Hal\u0131 Y\u0131kama<\/strong> olarak, \u0130zmit ve \u00e7evresinde <strong data-start=\"759\" data-end=\"792\">profesyonel bambu hal\u0131 y\u0131kama<\/strong> hizmeti sunuyoruz. Hal\u0131lar\u0131n\u0131z\u0131n do\u011fall\u0131\u011f\u0131n\u0131 koruyarak, ilk g\u00fcnk\u00fc tazeli\u011fine kavu\u015fturuyoruz.<\/p>\n\t\t<\/div>\n\t\t[\/vc_column][vc_column width=&#8221;1\/2&#8243;]\t\t<div id=\"wd-684829b97f112\" class=\"wd-image wd-wpb wd-rs-684829b97f112 text-right \">\n\t\t\t\n\t\t\t<img loading=\"lazy\" decoding=\"async\" width=\"371\" height=\"300\" src=\"https:\/\/www.alkishaliyikama.com\/wp-content\/uploads\/2025\/06\/Bambu-Hali-Yikama-Hizmeti-Kocaeli-Izmit-Korfez-Malta-Yesilova-Umuttepe-Alkis-Hali-Yikamada.jpg\" class=\"attachment-medium size-medium\" alt=\"Bambu Hal\u0131 Y\u0131kama Hizmeti Kocaeli \u0130zmit K\u00f6rfez Malta Ye\u015filova Umuttepe Alk\u0131\u015f Hal\u0131 Y\u0131kama&#039;da!\" \/>\n\t\t\t\t\t<\/div>\n\t\t[\/vc_column][\/vc_row][vc_row][vc_column]\n\t\t<div id=\"wd-68482a2778d93\" class=\"title-wrapper wd-wpb wd-set-mb reset-last-child  wd-rs-68482a2778d93 wd-title-color-default wd-title-style-default text-left  wd-underline-colored\">\n\t\t\t\n\t\t\t<div class=\"liner-continer\">\n\t\t\t\t<h4 class=\"woodmart-title-container title  wd-font-weight- wd-fontsize-l\" >Bambu Hal\u0131 Nedir? Neden \u00d6zel Y\u0131kama Gerektirir?<\/h4>\n\t\t\t\t\t\t\t<\/div>\n\t\t\t\n\t\t\t\n\t\t\t\n\t\t<\/div>\n\t\t\n\t\t\t\t<div id=\"wd-68482a2f0a97e\" class=\"wd-text-block wd-wpb reset-last-child wd-rs-68482a2f0a97e text-left \">\n\t\t\t<p data-start=\"945\" data-end=\"1158\"><strong data-start=\"945\" data-end=\"962\">Bambu hal\u0131lar<\/strong>, bambu bitkisinden elde edilen liflerle dokunan, \u00e7evre dostu ve l\u00fcks hal\u0131 t\u00fcrlerindendir. Parlak ve kaygan y\u00fczeyi, onu g\u00f6rsel olarak \u00e7ekici k\u0131lar; fakat yanl\u0131\u015f temizlikle kolayca zarar g\u00f6rebilir.<\/p>\n<p data-start=\"1160\" data-end=\"1369\">???? Bambu hal\u0131lar y\u00fcksek s\u0131cakl\u0131ktan etkilenebilir.<br data-start=\"1210\" data-end=\"1213\" \/>???? Kimyasal deterjanlar lifleri sertle\u015ftirir ve matla\u015ft\u0131r\u0131r.<br data-start=\"1273\" data-end=\"1276\" \/>???? Makine y\u0131kamas\u0131, hal\u0131n\u0131n formunu bozabilir.<br data-start=\"1322\" data-end=\"1325\" \/>???? Nemli kal\u0131rsa k\u00fcf ve k\u00f6t\u00fc koku yapabilir.<\/p>\n<p data-start=\"1371\" data-end=\"1471\">Bu sebeple <strong data-start=\"1382\" data-end=\"1406\">bambu hal\u0131 temizli\u011fi<\/strong>, malzemenin yap\u0131s\u0131na uygun profesyonel tekniklerle yap\u0131lmal\u0131d\u0131r.<\/p>\n\t\t<\/div>\n\t\t[\/vc_column][\/vc_row][vc_row][vc_column]\n\t\t<div id=\"wd-68482a38c3340\" class=\"title-wrapper wd-wpb wd-set-mb reset-last-child  wd-rs-68482a38c3340 wd-title-color-default wd-title-style-default text-left  wd-underline-colored\">\n\t\t\t\n\t\t\t<div class=\"liner-continer\">\n\t\t\t\t<h4 class=\"woodmart-title-container title  wd-font-weight- wd-fontsize-l\" >Alk\u0131\u015f Hal\u0131 Y\u0131kama\u2019da Bambu Hal\u0131 Nas\u0131l Y\u0131kan\u0131r?<\/h4>\n\t\t\t\t\t\t\t<\/div>\n\t\t\t\n\t\t\t\n\t\t\t\n\t\t<\/div>\n\t\t\n\t\t\t\t<div id=\"wd-68482a3f7c35c\" class=\"wd-text-block wd-wpb reset-last-child wd-rs-68482a3f7c35c text-left \">\n\t\t\t<p data-start=\"1530\" data-end=\"1597\"><strong data-start=\"1530\" data-end=\"1597\">Bambu hal\u0131lar i\u00e7in \u00f6zel olarak geli\u015ftirilmi\u015f ad\u0131mlar \u015funlard\u0131r:<\/strong><\/p>\n<p data-start=\"1599\" data-end=\"2317\">???? <strong data-start=\"1602\" data-end=\"1618\">\u00d6n \u0130nceleme:<\/strong> Hal\u0131n\u0131n iplik yap\u0131s\u0131, leke t\u00fcr\u00fc ve temizlik gereksinimi analiz edilir.<br data-start=\"1689\" data-end=\"1692\" \/>???? <strong data-start=\"1695\" data-end=\"1714\">Derin Toz Alma:<\/strong> Liflerin aras\u0131ndaki partik\u00fcller, vakumlu sistemle y\u00fczeye zarar vermeden temizlenir.<br data-start=\"1798\" data-end=\"1801\" \/>???? <strong data-start=\"1804\" data-end=\"1832\">Bitkisel Leke \u00c7\u00f6z\u00fcmleme:<\/strong> Kimyasal i\u00e7ermeyen, pH dengeli leke \u00e7\u0131kar\u0131c\u0131lar kullan\u0131l\u0131r.<br data-start=\"1892\" data-end=\"1895\" \/>???? <strong data-start=\"1898\" data-end=\"1950\">Elle Y\u0131kama (veya d\u00fc\u015f\u00fck devirli \u00f6zel makineler):<\/strong> Bambuya \u00f6zel programlarda hassas temizlik uygulan\u0131r.<br data-start=\"2003\" data-end=\"2006\" \/>???? <strong data-start=\"2009\" data-end=\"2028\">So\u011fuk Durulama:<\/strong> Lif yap\u0131s\u0131na zarar vermemek i\u00e7in bol ve so\u011fuk suyla durulama yap\u0131l\u0131r.<br data-start=\"2098\" data-end=\"2101\" \/>????\ufe0f <strong data-start=\"2105\" data-end=\"2123\">G\u00f6lge Kurutma:<\/strong> Do\u011frudan g\u00fcne\u015f \u0131\u015f\u0131\u011f\u0131 olmadan, havaland\u0131rmal\u0131 ortamlarda kurutma sa\u011flan\u0131r.<br data-start=\"2197\" data-end=\"2200\" \/>???? <strong data-start=\"2203\" data-end=\"2234\">Kalite Kontrol &amp; Paketleme:<\/strong> Kuruyan hal\u0131, son kontrollerden ge\u00e7irilip \u00f6zel ambalajla adresinize teslim edilir.<\/p>\n\t\t<\/div>\n\t\t[\/vc_column][\/vc_row][vc_row][vc_column]\n\t\t<div id=\"wd-68482a58746ed\" class=\"title-wrapper wd-wpb wd-set-mb reset-last-child  wd-rs-68482a58746ed wd-title-color-default wd-title-style-default text-left  wd-underline-colored\">\n\t\t\t\n\t\t\t<div class=\"liner-continer\">\n\t\t\t\t<h4 class=\"woodmart-title-container title  wd-font-weight- wd-fontsize-l\" >Neden Bambu Hal\u0131n\u0131z\u0131 Alk\u0131\u015f Hal\u0131 Y\u0131kama\u2019ya Emanet Etmelisiniz?<\/h4>\n\t\t\t\t\t\t\t<\/div>\n\t\t\t\n\t\t\t\n\t\t\t\n\t\t<\/div>\n\t\t\n\t\t\t\t<div id=\"wd-68482a52f2e3e\" class=\"wd-text-block wd-wpb reset-last-child wd-rs-68482a52f2e3e text-left \">\n\t\t\t<p data-start=\"2456\" data-end=\"2722\">\u2705 <strong data-start=\"2356\" data-end=\"2407\">Bambu hal\u0131ya \u00f6zel y\u0131kama teknikleri ve sabunlar<\/strong><br data-start=\"2407\" data-end=\"2410\" \/>\u2705 <strong data-start=\"2412\" data-end=\"2460\">Tam otomatik ve\/veya elde y\u0131kama se\u00e7enekleri<\/strong><br data-start=\"2460\" data-end=\"2463\" \/>\u2705 <strong data-start=\"2465\" data-end=\"2516\">Adresten al\u0131m \u2013 adrese teslim (\u00fccretsiz servis)<\/strong><br data-start=\"2516\" data-end=\"2519\" \/>\u2705 <strong data-start=\"2521\" data-end=\"2560\">\u0130zmit ve \u00e7evresine h\u0131zl\u0131 ula\u015f\u0131m a\u011f\u0131<\/strong><br data-start=\"2560\" data-end=\"2563\" \/>\u2705 <strong data-start=\"2565\" data-end=\"2616\">Hijyenik, \u00e7evre dostu, do\u011fal temizlik garantisi<\/strong><br data-start=\"2616\" data-end=\"2619\" \/>\u2705 <strong data-start=\"2621\" data-end=\"2649\">%100 m\u00fc\u015fteri memnuniyeti<\/strong><\/p>\n\t\t<\/div>\n\t\t[\/vc_column][\/vc_row][vc_row][vc_column]\n\t\t<div id=\"wd-68482ad25ef99\" class=\"title-wrapper wd-wpb wd-set-mb reset-last-child  wd-rs-68482ad25ef99 wd-title-color-default wd-title-style-default text-left  wd-underline-colored\">\n\t\t\t\n\t\t\t<div class=\"liner-continer\">\n\t\t\t\t<h4 class=\"woodmart-title-container title  wd-font-weight- wd-fontsize-l\" >Bambu Hal\u0131 Y\u0131kama Hakk\u0131nda S\u0131k Sorulan Sorular<\/h4>\n\t\t\t\t\t\t\t<\/div>\n\t\t\t\n\t\t\t\n\t\t\t\n\t\t<\/div>\n\t\t\n\t\t\t\t<div id=\"wd-68482dfb1942e\" class=\"wd-text-block wd-wpb reset-last-child wd-rs-68482dfb1942e text-left \">\n\t\t\t<p data-start=\"3314\" data-end=\"3466\"><strong data-start=\"3314\" data-end=\"3354\">\u2753\u00a0Bambu hal\u0131m\u0131 evde y\u0131kayabilir miyim?<\/strong><br data-start=\"3354\" data-end=\"3357\" \/>\u27a1\u00a0Hay\u0131r. Bambu iplikleri suya ve deterjana kar\u015f\u0131 hassast\u0131r. Evde yap\u0131lan temizlik, hal\u0131n\u0131n \u00f6mr\u00fcn\u00fc k\u0131saltabilir.<\/p>\n<p data-start=\"3468\" data-end=\"3589\"><strong data-start=\"3468\" data-end=\"3497\">\u2753\u00a0Bambu hal\u0131m sertle\u015fir mi?<\/strong><br data-start=\"3497\" data-end=\"3500\" \/>\u27a1\u00a0Hay\u0131r. Bitkisel bazl\u0131, yumu\u015fak form\u00fcll\u00fc sabunlar sayesinde hal\u0131n\u0131z\u0131n yumu\u015fakl\u0131\u011f\u0131 korunur.<\/p>\n<p data-start=\"3591\" data-end=\"3717\"><strong data-start=\"3591\" data-end=\"3618\">\u2753\u00a0Teslim s\u00fcresi ne kadar?<\/strong><br data-start=\"3618\" data-end=\"3621\" \/>\u27a1\u00a0Genellikle 2\u20134 i\u015f g\u00fcn\u00fc i\u00e7erisinde teslim sa\u011flan\u0131r. Acil durumlar i\u00e7in ekspres hizmetimiz vard\u0131r.<\/p>\n\t\t<\/div>\n\t\t[\/vc_column][\/vc_row][vc_row][vc_column]\n\t\t<div id=\"wd-6847e5fd976d5\" class=\"title-wrapper wd-wpb wd-set-mb reset-last-child  wd-rs-6847e5fd976d5 wd-title-color-default wd-title-style-default text-left  wd-underline-colored\">\n\t\t\t\n\t\t\t<div class=\"liner-continer\">\n\t\t\t\t<h4 class=\"woodmart-title-container title  wd-font-weight- wd-fontsize-l\" >Hangi B\u00f6lgelerdeyiz?<\/h4>\n\t\t\t\t\t\t\t<\/div>\n\t\t\t\n\t\t\t\n\t\t\t\n\t\t<\/div>\n\t\t\n\t\t\t\t<div id=\"wd-684820aa1c28f\" class=\"wd-text-block wd-wpb reset-last-child wd-rs-684820aa1c28f text-left \">\n\t\t\t<p data-start=\"3046\" data-end=\"3462\"><strong data-start=\"3046\" data-end=\"3067\">Alk\u0131\u015f Hal\u0131 Y\u0131kama<\/strong>, ba\u015fta \u0130zmit olmak \u00fczere \u015fu b\u00f6lgelerde h\u0131zl\u0131 ve profesyonel hizmet sunar:<br data-start=\"3141\" data-end=\"3144\" \/>???? \u0130zmit, Yahyakaptan, Ye\u015filova, Malta, Umuttepe, K\u00f6rfez, Yeni\u015fehir, Ba\u015fiskele, Sanayi, Kuru\u00e7e\u015fme, Plajyolu, Kad\u0131k\u00f6y, Karaba\u015f, Merkez, Ayazma, Kartepe, Alemdar, G\u00fcndo\u011fdu, 60 Evler, Yenikent, T\u00fcys\u00fczler, Orduevi, Halkevi, Bekirpa\u015fa, G\u00fcltepe, Alikahya, Ak\u00e7akoca, Tav\u015fantepe, 28 Haziran, Orhan, Turgut, Top\u00e7ular, Cedit ve \u00e7evresi.<\/p>\n\t\t<\/div>\n\t\t[\/vc_column][\/vc_row][vc_row][vc_column]\n\t\t<div id=\"wd-6847e61118107\" class=\"title-wrapper wd-wpb wd-set-mb reset-last-child  wd-rs-6847e61118107 wd-title-color-default wd-title-style-default text-left  wd-underline-colored\">\n\t\t\t\n\t\t\t<div class=\"liner-continer\">\n\t\t\t\t<h4 class=\"woodmart-title-container title  wd-font-weight- wd-fontsize-l\" >Hayal Etti\u011finiz Temizlik \u0130\u00e7in Alk\u0131\u015f Hal\u0131 Y\u0131kama<\/h4>\n\t\t\t\t\t\t\t<\/div>\n\t\t\t\n\t\t\t\n\t\t\t\n\t\t<\/div>\n\t\t\n\t\t\t\t<div id=\"wd-68482a7746757\" class=\"wd-text-block wd-wpb reset-last-child wd-rs-68482a7746757 text-left \">\n\t\t\t<p data-start=\"4795\" data-end=\"5036\">Kalitenin ve g\u00fcvenin adresi <strong data-start=\"4823\" data-end=\"4844\">Alk\u0131\u015f Hal\u0131 Y\u0131kama<\/strong>, <strong data-start=\"4846\" data-end=\"4878\">Kocaeli \u0130zmit bambu hal\u0131 y\u0131kama<\/strong> hizmetinde lider markalardan biri olman\u0131n gururunu ya\u015famaktad\u0131r. H\u0131zl\u0131, ekonomik ve g\u00fcvenilir \u00e7\u00f6z\u00fcmlerimizden faydalanmak i\u00e7in hemen bizimle ileti\u015fime ge\u00e7in!<\/p>\n<p data-start=\"4795\" data-end=\"5036\">El eme\u011fi g\u00f6z nuru hal\u0131lar\u0131n\u0131z i\u00e7in s\u0131radan \u00e7\u00f6z\u00fcmler de\u011fil, <strong data-start=\"4306\" data-end=\"4320\">\u00f6zel bak\u0131m<\/strong> sunuyoruz. <strong data-start=\"4332\" data-end=\"4384\">Temizlik, kalite ve g\u00fcveni bir arada ar\u0131yorsan\u0131z<\/strong>, Alk\u0131\u015f Hal\u0131 Y\u0131kama tam size g\u00f6re!<\/p>\n<p data-start=\"5038\" data-end=\"5169\">???? <strong data-start=\"3195\" data-end=\"3203\">Web:<\/strong> <a class=\"\" href=\"http:\/\/www.alkishaliyikama.com\" target=\"_new\" rel=\"noopener\" data-start=\"3204\" data-end=\"3227\">www.alkishaliyikama.com<\/a><\/p>\n<p data-start=\"5038\" data-end=\"5169\">???? <strong data-start=\"5041\" data-end=\"5054\">\u0130leti\u015fim:<\/strong> +90 (552) 551 41 01<br data-start=\"5074\" data-end=\"5077\" \/>???? <strong data-start=\"5080\" data-end=\"5101\">Hizmet B\u00f6lgeleri:<\/strong> \u0130zmit, Yahyakaptan, K\u00f6rfez, Umuttepe, Derince, Ye\u015filova ve \u00e7evresi.<\/p>\n\t\t<\/div>\n\t\t[\/vc_column][\/vc_row][vc_row][vc_column]\n\t\t<div id=\"wd-6847e64bd5dee\" class=\"title-wrapper wd-wpb wd-set-mb reset-last-child  wd-rs-6847e64bd5dee wd-title-color-default wd-title-style-default text-left  wd-underline-colored\">\n\t\t\t\n\t\t\t<div class=\"liner-continer\">\n\t\t\t\t<h4 class=\"woodmart-title-container title  wd-font-weight- wd-fontsize-l\" >Temizlikte \u00d6zel Kaliteyi Alk\u0131\u015flay\u0131n!<\/h4>\n\t\t\t\t\t\t\t<\/div>\n\t\t\t\n\t\t\t\n\t\t\t\n\t\t<\/div>\n\t\t\n\t\t\t\t<div id=\"wd-6847e655a18f5\" class=\"wd-text-block wd-wpb reset-last-child wd-rs-6847e655a18f5 text-left \">\n\t\t\t<p data-start=\"3801\" data-end=\"3998\">Hijyenin ve g\u00fcvenin simgesi olan <strong data-start=\"3834\" data-end=\"3855\">Alk\u0131\u015f Hal\u0131 Y\u0131kama<\/strong>, hal\u0131lar\u0131n\u0131z i\u00e7in en ideal temizlik \u00e7\u00f6z\u00fcm\u00fcn\u00fc sunar. Hemen \u015fimdi bizimle ileti\u015fime ge\u00e7in, hal\u0131lar\u0131n\u0131z\u0131 tertemiz teslim alman\u0131n keyfini ya\u015fay\u0131n!<\/p>\n\t\t<\/div>\n\t\t[\/vc_column][\/vc_row][\/vc_section]<\/p>\n<\/div>","protected":false},"excerpt":{"rendered":"<p>[vc_section woodmart_css_id=&#8221;68581d4027d38&#8243; responsive_spacing=&#8221;eyJwYXJhbV90eXBlIjoid29vZG1hcnRfcmVzcG9uc2l2ZV9zcGFjaW5nIiwic2VsZWN0b3JfaWQiOiI2ODU4MWQ0MDI3ZDM4Iiwic2hvcnRjb2RlIjoidmNfc2VjdGlvbiIsImRhdGEiOnsidGFibGV0Ijp7fSwibW9iaWxlIjp7fX19&#8243; mobile_bg_img_hidden=&#8221;no&#8221; tablet_bg_img_hidden=&#8221;no&#8221; woodmart_parallax=&#8221;0&#8243; woodmart_gradient_switch=&#8221;no&#8221; woodmart_box_shadow=&#8221;no&#8221; wd_z_index=&#8221;no&#8221; woodmart_disable_overflow=&#8221;0&#8243;][vc_row][vc_column width=&#8221;1\/2&#8243;][\/vc_column][vc_column width=&#8221;1\/2&#8243;][\/vc_column][\/vc_row][vc_row][vc_column][\/vc_column][\/vc_row][vc_row][vc_column][\/vc_column][\/vc_row][vc_row][vc_column][\/vc_column][\/vc_row][vc_row][vc_column][\/vc_column][\/vc_row][vc_row][vc_column][\/vc_column][\/vc_row][vc_row][vc_column][\/vc_column][\/vc_row][vc_row][vc_column][\/vc_column][\/vc_row][\/vc_section]<\/p>\n","protected":false},"author":1,"featured_media":0,"parent":9504,"menu_order":0,"comment_status":"closed","ping_status":"closed","template":"","meta":{"footnotes":""},"class_list":["post-9520","page","type-page","status-publish","hentry"],"_links":{"self":[{"href":"https:\/\/www.alkishaliyikama.com\/index.php\/wp-json\/wp\/v2\/pages\/9520","targetHints":{"allow":["GET"]}}],"collection":[{"href":"https:\/\/www.alkishaliyikama.com\/index.php\/wp-json\/wp\/v2\/pages"}],"about":[{"href":"https:\/\/www.alkishaliyikama.com\/index.php\/wp-json\/wp\/v2\/types\/page"}],"author":[{"embeddable":true,"href":"https:\/\/www.alkishaliyikama.com\/index.php\/wp-json\/wp\/v2\/users\/1"}],"replies":[{"embeddable":true,"href":"https:\/\/www.alkishaliyikama.com\/index.php\/wp-json\/wp\/v2\/comments?post=9520"}],"version-history":[{"count":3,"href":"https:\/\/www.alkishaliyikama.com\/index.php\/wp-json\/wp\/v2\/pages\/9520\/revisions"}],"predecessor-version":[{"id":9694,"href":"https:\/\/www.alkishaliyikama.com\/index.php\/wp-json\/wp\/v2\/pages\/9520\/revisions\/9694"}],"up":[{"embeddable":true,"href":"https:\/\/www.alkishaliyikama.com\/index.php\/wp-json\/wp\/v2\/pages\/9504"}],"wp:attachment":[{"href":"https:\/\/www.alkishaliyikama.com\/index.php\/wp-json\/wp\/v2\/media?parent=9520"}],"curies":[{"name":"wp","href":"https:\/\/api.w.org\/{rel}","templated":true}]}}