{"id":9512,"date":"2025-06-10T11:12:55","date_gmt":"2025-06-10T08:12:55","guid":{"rendered":"https:\/\/www.alkishaliyikama.com\/?page_id=9512"},"modified":"2025-06-22T18:11:11","modified_gmt":"2025-06-22T15:11:11","slug":"feshane-halisi-yikama","status":"publish","type":"page","link":"https:\/\/www.alkishaliyikama.com\/index.php\/hizmetlerimiz\/feshane-halisi-yikama\/","title":{"rendered":"Feshane Hal\u0131s\u0131 Y\u0131kama"},"content":{"rendered":"<div class=\"wpb-content-wrapper\"><p>[vc_section woodmart_css_id=&#8221;68581d0b6bd93&#8243; responsive_spacing=&#8221;eyJwYXJhbV90eXBlIjoid29vZG1hcnRfcmVzcG9uc2l2ZV9zcGFjaW5nIiwic2VsZWN0b3JfaWQiOiI2ODU4MWQwYjZiZDkzIiwic2hvcnRjb2RlIjoidmNfc2VjdGlvbiIsImRhdGEiOnsidGFibGV0Ijp7fSwibW9iaWxlIjp7fX19&#8243; mobile_bg_img_hidden=&#8221;no&#8221; tablet_bg_img_hidden=&#8221;no&#8221; woodmart_parallax=&#8221;0&#8243; woodmart_gradient_switch=&#8221;no&#8221; woodmart_box_shadow=&#8221;no&#8221; wd_z_index=&#8221;no&#8221; woodmart_disable_overflow=&#8221;0&#8243;][vc_row][vc_column width=&#8221;1\/2&#8243;]\n\t\t<div id=\"wd-6847e8655c9ff\" class=\"title-wrapper wd-wpb wd-set-mb reset-last-child  wd-rs-6847e8655c9ff wd-title-color-default wd-title-style-default text-left  wd-underline-colored\">\n\t\t\t\t\t\t\t\n\t\t\t\t<div class=\"title-subtitle  subtitle-color-default font-alt subtitle-style-default wd-font-weight- wd-fontsize-xs\">Alk\u0131\u015f Temizlik ve Hal\u0131 Y\u0131kama Fabrikas\u0131<\/div>\n\t\t\t\n\t\t\t<div class=\"liner-continer\">\n\t\t\t\t<h4 class=\"woodmart-title-container title  wd-font-weight- wd-fontsize-l\" >Feshane Hal\u0131s\u0131 Y\u0131kama Hizmetinde \u00d6zel Ustal\u0131k: Alk\u0131\u015f Hal\u0131 Y\u0131kama ile Geleneksel Hal\u0131lar\u0131n\u0131za Profesyonel \u00d6zel Bak\u0131m<\/h4>\n\t\t\t\t\t\t\t<\/div>\n\t\t\t\n\t\t\t\n\t\t\t\n\t\t<\/div>\n\t\t\n\t\t\t\t<div id=\"wd-6847e879d45bc\" class=\"wd-text-block wd-wpb reset-last-child wd-rs-6847e879d45bc text-left \">\n\t\t\t<p data-start=\"428\" data-end=\"694\">Y\u00fcksek kalite, zengin desen ve dayan\u0131kl\u0131l\u0131\u011f\u0131n simgesi olan <strong data-start=\"487\" data-end=\"507\">Feshane hal\u0131lar\u0131<\/strong>, geleneksel T\u00fcrk hal\u0131 dokumac\u0131l\u0131\u011f\u0131n\u0131n en nadide \u00f6rneklerinden biridir. Bu \u00f6zel hal\u0131 t\u00fcr\u00fc, s\u0131radan y\u0131kama y\u00f6ntemleriyle de\u011fil, profesyonel ve dikkatli bir i\u015flem s\u00fcreciyle temizlenmelidir.<\/p>\n<p data-start=\"696\" data-end=\"940\"><strong data-start=\"696\" data-end=\"717\">Alk\u0131\u015f Hal\u0131 Y\u0131kama<\/strong> olarak, <strong data-start=\"726\" data-end=\"745\">Kocaeli \u2013 \u0130zmit<\/strong> ba\u015fta olmak \u00fczere <strong data-start=\"764\" data-end=\"867\">Yahyakaptan, Ye\u015filova, Umuttepe, K\u00f6rfez, Ba\u015fiskele, Kad\u0131k\u00f6y, Kartepe, Halkevi, Tav\u015fantepe, Alikahya<\/strong> ve daha bir\u00e7ok b\u00f6lgede <strong data-start=\"891\" data-end=\"929\">\u00f6zel Feshane hal\u0131s\u0131 y\u0131kama hizmeti<\/strong> sunuyoruz.<\/p>\n\t\t<\/div>\n\t\t[\/vc_column][vc_column width=&#8221;1\/2&#8243;]\t\t<div id=\"wd-6847e87e84264\" class=\"wd-image wd-wpb wd-rs-6847e87e84264 text-right \">\n\t\t\t\n\t\t\t<img loading=\"lazy\" decoding=\"async\" width=\"371\" height=\"300\" src=\"https:\/\/www.alkishaliyikama.com\/wp-content\/uploads\/2025\/06\/Feshane-Halisi-Yikama-Hizmeti-Kocaeli-Izmit-Korfez-Malta-Yesilova-Umuttepe-Alkis-Hali-Yikamada.jpg\" class=\"attachment-medium size-medium\" alt=\"Feshane Hal\u0131s\u0131 Y\u0131kama Hizmeti Kocaeli \u0130zmit K\u00f6rfez Malta Ye\u015filova Umuttepe Alk\u0131\u015f Hal\u0131 Y\u0131kama&#039;da!\" \/>\n\t\t\t\t\t<\/div>\n\t\t[\/vc_column][\/vc_row][vc_row][vc_column]\n\t\t<div id=\"wd-6847e89519bc4\" class=\"title-wrapper wd-wpb wd-set-mb reset-last-child  wd-rs-6847e89519bc4 wd-title-color-default wd-title-style-default text-left  wd-underline-colored\">\n\t\t\t\n\t\t\t<div class=\"liner-continer\">\n\t\t\t\t<h4 class=\"woodmart-title-container title  wd-font-weight- wd-fontsize-l\" >Feshane Hal\u0131s\u0131 Nedir? Neden \u00d6zel Y\u0131kama Gerektirir?<\/h4>\n\t\t\t\t\t\t\t<\/div>\n\t\t\t\n\t\t\t\n\t\t\t\n\t\t<\/div>\n\t\t\n\t\t\t\t<div id=\"wd-6847e899ef3cc\" class=\"wd-text-block wd-wpb reset-last-child wd-rs-6847e899ef3cc text-left \">\n\t\t\t<p data-start=\"1004\" data-end=\"1277\"><strong data-start=\"1004\" data-end=\"1024\">Feshane hal\u0131lar\u0131<\/strong>, yo\u011fun dokuma yap\u0131s\u0131, y\u00fcn a\u011f\u0131rl\u0131kl\u0131 materyali ve sanatsal motifleriyle bilinir. El eme\u011fi ile \u00fcretilen bu hal\u0131lar, tarihi ve k\u00fclt\u00fcrel de\u011fer ta\u015f\u0131r. Ancak bu yap\u0131, y\u00fcksek s\u0131cakl\u0131k, sert f\u0131r\u00e7alama veya kimyasal temizlik maddelerine kar\u015f\u0131 olduk\u00e7a hassast\u0131r.<\/p>\n<p data-start=\"1279\" data-end=\"1319\">Yanl\u0131\u015f temizlikte ya\u015fanabilecek riskler:<\/p>\n<p data-start=\"1321\" data-end=\"1449\">???? Renk akmas\u0131 ve desen bozulmas\u0131<br data-start=\"1354\" data-end=\"1357\" \/>???? Lif deformasyonu<br data-start=\"1376\" data-end=\"1379\" \/>???? Hal\u0131n\u0131n sertle\u015fmesi ya da k\u0131r\u0131\u015fmas\u0131<br data-start=\"1417\" data-end=\"1420\" \/>???? K\u00fcf ve k\u00f6t\u00fc koku olu\u015fumu<\/p>\n<p data-start=\"1451\" data-end=\"1534\"><strong data-start=\"1451\" data-end=\"1476\">Feshane hal\u0131s\u0131 y\u0131kama<\/strong>, sadece bu hal\u0131ya \u00f6zel bilgi, teknik ve sab\u0131r gerektirir.<\/p>\n\t\t<\/div>\n\t\t[\/vc_column][\/vc_row][vc_row][vc_column]\n\t\t<div id=\"wd-6847e8a41c138\" class=\"title-wrapper wd-wpb wd-set-mb reset-last-child  wd-rs-6847e8a41c138 wd-title-color-default wd-title-style-default text-left  wd-underline-colored\">\n\t\t\t\n\t\t\t<div class=\"liner-continer\">\n\t\t\t\t<h4 class=\"woodmart-title-container title  wd-font-weight- wd-fontsize-l\" >Alk\u0131\u015f Hal\u0131 Y\u0131kama\u2019da Feshane Hal\u0131s\u0131 Y\u0131kama S\u00fcreci<\/h4>\n\t\t\t\t\t\t\t<\/div>\n\t\t\t\n\t\t\t\n\t\t\t\n\t\t<\/div>\n\t\t\n\t\t\t\t<div id=\"wd-6847e8acc2106\" class=\"wd-text-block wd-wpb reset-last-child wd-rs-6847e8acc2106 text-left \">\n\t\t\t<p data-start=\"1596\" data-end=\"1656\">Her bir Feshane hal\u0131s\u0131n\u0131, kendine \u00f6zel prosed\u00fcrle y\u0131k\u0131yoruz:<\/p>\n<p data-start=\"1658\" data-end=\"2420\">???? <strong data-start=\"1661\" data-end=\"1692\">Analiz ve \u00d6n De\u011ferlendirme:<\/strong> Hal\u0131n\u0131n ya\u015f\u0131, dokuma tipi, boya t\u00fcr\u00fc, desen yo\u011funlu\u011fu uzmanlar\u0131m\u0131z taraf\u0131ndan incelenir.<br data-start=\"1781\" data-end=\"1784\" \/>???? <strong data-start=\"1787\" data-end=\"1800\">Toz Alma:<\/strong> Derin dokulara i\u015flemi\u015f partik\u00fcller, titre\u015fimli sistemlerle y\u00fczeye zarar vermeden temizlenir.<br data-start=\"1893\" data-end=\"1896\" \/>???? <strong data-start=\"1899\" data-end=\"1927\">Organik Leke M\u00fcdahalesi:<\/strong> Zarars\u0131z, do\u011fal \u00e7\u00f6z\u00fcc\u00fclerle lekeler \u00e7\u00f6z\u00fcl\u00fcr.<br data-start=\"1972\" data-end=\"1975\" \/>???? <strong data-start=\"1978\" data-end=\"1994\">Elle Y\u0131kama:<\/strong> Feshane hal\u0131lar, elde ve yumu\u015fak f\u0131r\u00e7alarla, \u00f6zel pH dengeli sabunlar kullan\u0131larak y\u0131kan\u0131r.<br data-start=\"2086\" data-end=\"2089\" \/>???? <strong data-start=\"2092\" data-end=\"2118\">So\u011fuk Su ile Durulama:<\/strong> Renklerin korunmas\u0131 i\u00e7in so\u011fuk ve bol suyla durulama yap\u0131l\u0131r.<br data-start=\"2180\" data-end=\"2183\" \/>????\ufe0f <strong data-start=\"2187\" data-end=\"2211\">D\u00fcz Zeminde Kurutma:<\/strong> Hal\u0131, yap\u0131sal deformasyonu \u00f6nlemek i\u00e7in d\u00fcz alanda, do\u011fal hava sirk\u00fclasyonu ile kurutulur.<br data-start=\"2302\" data-end=\"2305\" \/>???? <strong data-start=\"2308\" data-end=\"2338\">Kalite Kontrol &amp; Teslimat:<\/strong> Son kontroller yap\u0131l\u0131r, hal\u0131n\u0131z \u00f6zel koruyucu ambalajla adresinize teslim edilir.<\/p>\n\t\t<\/div>\n\t\t[\/vc_column][\/vc_row][vc_row][vc_column]\n\t\t<div id=\"wd-6847e8b96f573\" class=\"title-wrapper wd-wpb wd-set-mb reset-last-child  wd-rs-6847e8b96f573 wd-title-color-default wd-title-style-default text-left  wd-underline-colored\">\n\t\t\t\n\t\t\t<div class=\"liner-continer\">\n\t\t\t\t<h4 class=\"woodmart-title-container title  wd-font-weight- wd-fontsize-l\" >Neden Feshane Hal\u0131n\u0131z\u0131 Alk\u0131\u015f Hal\u0131 Y\u0131kama\u2019ya Emanet Etmelisiniz?<\/h4>\n\t\t\t\t\t\t\t<\/div>\n\t\t\t\n\t\t\t\n\t\t\t\n\t\t<\/div>\n\t\t\n\t\t\t\t<div id=\"wd-6847e8c5c9653\" class=\"wd-text-block wd-wpb reset-last-child wd-rs-6847e8c5c9653 text-left \">\n\t\t\t<p data-start=\"2456\" data-end=\"2722\">\u2705 <strong data-start=\"2459\" data-end=\"2498\">Feshane hal\u0131s\u0131 konusunda uzman ekip<\/strong><br data-start=\"2498\" data-end=\"2501\" \/>\u2705 <strong data-start=\"2503\" data-end=\"2546\">Tamamen elde, hassas y\u00f6ntemlerle y\u0131kama<\/strong><br data-start=\"2546\" data-end=\"2549\" \/>\u2705 <strong data-start=\"2551\" data-end=\"2596\">Y\u00fcn ve do\u011fal boyalara uygun \u00f6zel sabunlar<\/strong><br data-start=\"2596\" data-end=\"2599\" \/>\u2705 <strong data-start=\"2601\" data-end=\"2644\">\u00dccretsiz adresten al\u0131m ve adrese teslim<\/strong><br data-start=\"2644\" data-end=\"2647\" \/>\u2705 <strong data-start=\"2649\" data-end=\"2684\">\u0130zmit ve \u00e7evresine h\u0131zl\u0131 servis<\/strong><br data-start=\"2684\" data-end=\"2687\" \/>\u2705 <strong data-start=\"2689\" data-end=\"2747\">%100 m\u00fc\u015fteri memnuniyeti ve sigortal\u0131 ta\u015f\u0131ma garantisi<\/strong><\/p>\n\t\t<\/div>\n\t\t[\/vc_column][\/vc_row][vc_row][vc_column]\n\t\t<div id=\"wd-6847e8d20b446\" class=\"title-wrapper wd-wpb wd-set-mb reset-last-child  wd-rs-6847e8d20b446 wd-title-color-default wd-title-style-default text-left  wd-underline-colored\">\n\t\t\t\n\t\t\t<div class=\"liner-continer\">\n\t\t\t\t<h4 class=\"woodmart-title-container title  wd-font-weight- wd-fontsize-l\" >Feshane Hal\u0131s\u0131 Y\u0131kama Hakk\u0131nda S\u0131k Sorulan Sorular<\/h4>\n\t\t\t\t\t\t\t<\/div>\n\t\t\t\n\t\t\t\n\t\t\t\n\t\t<\/div>\n\t\t\n\t\t\t\t<div id=\"wd-68482e98f0b98\" class=\"wd-text-block wd-wpb reset-last-child wd-rs-68482e98f0b98 text-left \">\n\t\t\t<p data-start=\"3670\" data-end=\"3855\"><strong data-start=\"3670\" data-end=\"3719\">\u2753Feshane hal\u0131m\u0131 evde kendim y\u0131kayabilir miyim?<\/strong><br data-start=\"3719\" data-end=\"3722\" \/>\u27a1\u00a0Kesinlikle \u00f6nerilmez. El dokuma hal\u0131lar evde y\u0131kand\u0131\u011f\u0131nda renk kar\u0131\u015fmalar\u0131, deformasyon ve k\u00f6t\u00fc koku gibi kal\u0131c\u0131 zararlar olu\u015fabilir.<\/p>\n<p data-start=\"3857\" data-end=\"4013\"><strong data-start=\"3857\" data-end=\"3902\">\u2753Hal\u0131m \u00e7ok eski. Y\u0131kan\u0131nca zarar g\u00f6r\u00fcr m\u00fc?<\/strong><br data-start=\"3902\" data-end=\"3905\" \/>\u27a1\u00a0Hay\u0131r. \u00d6zel bak\u0131m protokol\u00fcm\u00fcz sayesinde hal\u0131n\u0131z\u0131n hem hijyenini sa\u011fl\u0131yor hem de orijinal formunu koruyoruz.<\/p>\n<p data-start=\"4015\" data-end=\"4173\"><strong data-start=\"4015\" data-end=\"4048\">\u2753Ka\u00e7 g\u00fcnde teslim ediyorsunuz?<\/strong><br data-start=\"4048\" data-end=\"4051\" \/>\u27a1\u00a0Feshane hal\u0131lar i\u00e7in temizlik ve do\u011fal kuruma s\u00fcresiyle birlikte teslimat s\u00fcresi genellikle <strong data-start=\"4143\" data-end=\"4158\">3\u20135 i\u015f g\u00fcn\u00fc<\/strong> aral\u0131\u011f\u0131ndad\u0131r.<\/p>\n\t\t<\/div>\n\t\t[\/vc_column][\/vc_row][vc_row][vc_column]\n\t\t<div id=\"wd-6847e5fd976d5\" class=\"title-wrapper wd-wpb wd-set-mb reset-last-child  wd-rs-6847e5fd976d5 wd-title-color-default wd-title-style-default text-left  wd-underline-colored\">\n\t\t\t\n\t\t\t<div class=\"liner-continer\">\n\t\t\t\t<h4 class=\"woodmart-title-container title  wd-font-weight- wd-fontsize-l\" >Hangi B\u00f6lgelerdeyiz?<\/h4>\n\t\t\t\t\t\t\t<\/div>\n\t\t\t\n\t\t\t\n\t\t\t\n\t\t<\/div>\n\t\t\n\t\t\t\t<div id=\"wd-6847e744e86cd\" class=\"wd-text-block wd-wpb reset-last-child wd-rs-6847e744e86cd text-left \">\n\t\t\t<p data-start=\"3046\" data-end=\"3462\"><strong data-start=\"3046\" data-end=\"3067\">Alk\u0131\u015f Hal\u0131 Y\u0131kama<\/strong>, ba\u015fta \u0130zmit olmak \u00fczere \u015fu b\u00f6lgelerde h\u0131zl\u0131 ve profesyonel hizmet sunar:<br data-start=\"3141\" data-end=\"3144\" \/>???? \u0130zmit, Yahyakaptan, Ye\u015filova, Malta, Umuttepe, K\u00f6rfez, Yeni\u015fehir, Ba\u015fiskele, Sanayi, Kuru\u00e7e\u015fme, Plajyolu, Kad\u0131k\u00f6y, Karaba\u015f, Merkez, Ayazma, Kartepe, Alemdar, G\u00fcndo\u011fdu, 60 Evler, Yenikent, T\u00fcys\u00fczer, Orduevi, Halkevi, Bekirpa\u015fa, G\u00fcltepe, Alikahya, Ak\u00e7akoca, Tav\u015fantepe, 28 Haziran, Orhan, Turgut, Top\u00e7ular, Cedit ve \u00e7evresi.<\/p>\n\t\t<\/div>\n\t\t[\/vc_column][\/vc_row][vc_row][vc_column]\n\t\t<div id=\"wd-6847e61118107\" class=\"title-wrapper wd-wpb wd-set-mb reset-last-child  wd-rs-6847e61118107 wd-title-color-default wd-title-style-default text-left  wd-underline-colored\">\n\t\t\t\n\t\t\t<div class=\"liner-continer\">\n\t\t\t\t<h4 class=\"woodmart-title-container title  wd-font-weight- wd-fontsize-l\" >Hayal Etti\u011finiz Temizlik \u0130\u00e7in Alk\u0131\u015f Hal\u0131 Y\u0131kama<\/h4>\n\t\t\t\t\t\t\t<\/div>\n\t\t\t\n\t\t\t\n\t\t\t\n\t\t<\/div>\n\t\t\n\t\t\t\t<div id=\"wd-6847e8f081456\" class=\"wd-text-block wd-wpb reset-last-child wd-rs-6847e8f081456 text-left \">\n\t\t\t<p data-start=\"4795\" data-end=\"5036\">Kalitenin ve g\u00fcvenin adresi <strong data-start=\"4823\" data-end=\"4844\">Alk\u0131\u015f Hal\u0131 Y\u0131kama<\/strong>, <strong data-start=\"4846\" data-end=\"4878\">Kocaeli \u0130zmit feshane hal\u0131s\u0131 y\u0131kama<\/strong> hizmetinde lider markalardan biri olman\u0131n gururunu ya\u015famaktad\u0131r. H\u0131zl\u0131, ekonomik ve g\u00fcvenilir \u00e7\u00f6z\u00fcmlerimizden faydalanmak i\u00e7in hemen bizimle ileti\u015fime ge\u00e7in!<\/p>\n<p data-start=\"4795\" data-end=\"5036\">El eme\u011fi g\u00f6z nuru hal\u0131lar\u0131n\u0131z i\u00e7in s\u0131radan \u00e7\u00f6z\u00fcmler de\u011fil, <strong data-start=\"4306\" data-end=\"4320\">\u00f6zel bak\u0131m<\/strong> sunuyoruz. <strong data-start=\"4332\" data-end=\"4384\">Temizlik, kalite ve g\u00fcveni bir arada ar\u0131yorsan\u0131z<\/strong>, Alk\u0131\u015f Hal\u0131 Y\u0131kama tam size g\u00f6re!<\/p>\n<p data-start=\"5038\" data-end=\"5169\">???? <strong data-start=\"5041\" data-end=\"5054\">\u0130leti\u015fim:<\/strong> +90 (552) 551 41 01<br data-start=\"5074\" data-end=\"5077\" \/>???? <strong data-start=\"5080\" data-end=\"5101\">Hizmet B\u00f6lgeleri:<\/strong> \u0130zmit, Yahyakaptan, K\u00f6rfez, Umuttepe, Derince, Ye\u015filova ve \u00e7evresi.<\/p>\n\t\t<\/div>\n\t\t[\/vc_column][\/vc_row][vc_row][vc_column]\n\t\t<div id=\"wd-6847e64bd5dee\" class=\"title-wrapper wd-wpb wd-set-mb reset-last-child  wd-rs-6847e64bd5dee wd-title-color-default wd-title-style-default text-left  wd-underline-colored\">\n\t\t\t\n\t\t\t<div class=\"liner-continer\">\n\t\t\t\t<h4 class=\"woodmart-title-container title  wd-font-weight- wd-fontsize-l\" >Temizlikte \u00d6zel Kaliteyi Alk\u0131\u015flay\u0131n!<\/h4>\n\t\t\t\t\t\t\t<\/div>\n\t\t\t\n\t\t\t\n\t\t\t\n\t\t<\/div>\n\t\t\n\t\t\t\t<div id=\"wd-6847e655a18f5\" class=\"wd-text-block wd-wpb reset-last-child wd-rs-6847e655a18f5 text-left \">\n\t\t\t<p data-start=\"3801\" data-end=\"3998\">Hijyenin ve g\u00fcvenin simgesi olan <strong data-start=\"3834\" data-end=\"3855\">Alk\u0131\u015f Hal\u0131 Y\u0131kama<\/strong>, hal\u0131lar\u0131n\u0131z i\u00e7in en ideal temizlik \u00e7\u00f6z\u00fcm\u00fcn\u00fc sunar. Hemen \u015fimdi bizimle ileti\u015fime ge\u00e7in, hal\u0131lar\u0131n\u0131z\u0131 tertemiz teslim alman\u0131n keyfini ya\u015fay\u0131n!<\/p>\n\t\t<\/div>\n\t\t[\/vc_column][\/vc_row][\/vc_section]<\/p>\n<\/div>","protected":false},"excerpt":{"rendered":"<p>[vc_section woodmart_css_id=&#8221;68581d0b6bd93&#8243; responsive_spacing=&#8221;eyJwYXJhbV90eXBlIjoid29vZG1hcnRfcmVzcG9uc2l2ZV9zcGFjaW5nIiwic2VsZWN0b3JfaWQiOiI2ODU4MWQwYjZiZDkzIiwic2hvcnRjb2RlIjoidmNfc2VjdGlvbiIsImRhdGEiOnsidGFibGV0Ijp7fSwibW9iaWxlIjp7fX19&#8243; mobile_bg_img_hidden=&#8221;no&#8221; tablet_bg_img_hidden=&#8221;no&#8221; woodmart_parallax=&#8221;0&#8243; woodmart_gradient_switch=&#8221;no&#8221; woodmart_box_shadow=&#8221;no&#8221; wd_z_index=&#8221;no&#8221; woodmart_disable_overflow=&#8221;0&#8243;][vc_row][vc_column width=&#8221;1\/2&#8243;][\/vc_column][vc_column width=&#8221;1\/2&#8243;][\/vc_column][\/vc_row][vc_row][vc_column][\/vc_column][\/vc_row][vc_row][vc_column][\/vc_column][\/vc_row][vc_row][vc_column][\/vc_column][\/vc_row][vc_row][vc_column][\/vc_column][\/vc_row][vc_row][vc_column][\/vc_column][\/vc_row][vc_row][vc_column][\/vc_column][\/vc_row][vc_row][vc_column][\/vc_column][\/vc_row][\/vc_section]<\/p>\n","protected":false},"author":1,"featured_media":0,"parent":9504,"menu_order":0,"comment_status":"closed","ping_status":"closed","template":"","meta":{"footnotes":""},"class_list":["post-9512","page","type-page","status-publish","hentry"],"_links":{"self":[{"href":"https:\/\/www.alkishaliyikama.com\/index.php\/wp-json\/wp\/v2\/pages\/9512","targetHints":{"allow":["GET"]}}],"collection":[{"href":"https:\/\/www.alkishaliyikama.com\/index.php\/wp-json\/wp\/v2\/pages"}],"about":[{"href":"https:\/\/www.alkishaliyikama.com\/index.php\/wp-json\/wp\/v2\/types\/page"}],"author":[{"embeddable":true,"href":"https:\/\/www.alkishaliyikama.com\/index.php\/wp-json\/wp\/v2\/users\/1"}],"replies":[{"embeddable":true,"href":"https:\/\/www.alkishaliyikama.com\/index.php\/wp-json\/wp\/v2\/comments?post=9512"}],"version-history":[{"count":3,"href":"https:\/\/www.alkishaliyikama.com\/index.php\/wp-json\/wp\/v2\/pages\/9512\/revisions"}],"predecessor-version":[{"id":9685,"href":"https:\/\/www.alkishaliyikama.com\/index.php\/wp-json\/wp\/v2\/pages\/9512\/revisions\/9685"}],"up":[{"embeddable":true,"href":"https:\/\/www.alkishaliyikama.com\/index.php\/wp-json\/wp\/v2\/pages\/9504"}],"wp:attachment":[{"href":"https:\/\/www.alkishaliyikama.com\/index.php\/wp-json\/wp\/v2\/media?parent=9512"}],"curies":[{"name":"wp","href":"https:\/\/api.w.org\/{rel}","templated":true}]}}