{"id":9508,"date":"2025-06-10T11:06:30","date_gmt":"2025-06-10T08:06:30","guid":{"rendered":"https:\/\/www.alkishaliyikama.com\/?page_id=9508"},"modified":"2025-06-22T18:10:53","modified_gmt":"2025-06-22T15:10:53","slug":"el-halisi-yikama","status":"publish","type":"page","link":"https:\/\/www.alkishaliyikama.com\/index.php\/hizmetlerimiz\/el-halisi-yikama\/","title":{"rendered":"El Hal\u0131s\u0131 Y\u0131kama"},"content":{"rendered":"<div class=\"wpb-content-wrapper\"><p>[vc_section woodmart_css_id=&#8221;68581cf9bba12&#8243; responsive_spacing=&#8221;eyJwYXJhbV90eXBlIjoid29vZG1hcnRfcmVzcG9uc2l2ZV9zcGFjaW5nIiwic2VsZWN0b3JfaWQiOiI2ODU4MWNmOWJiYTEyIiwic2hvcnRjb2RlIjoidmNfc2VjdGlvbiIsImRhdGEiOnsidGFibGV0Ijp7fSwibW9iaWxlIjp7fX19&#8243; mobile_bg_img_hidden=&#8221;no&#8221; tablet_bg_img_hidden=&#8221;no&#8221; woodmart_parallax=&#8221;0&#8243; woodmart_gradient_switch=&#8221;no&#8221; woodmart_box_shadow=&#8221;no&#8221; wd_z_index=&#8221;no&#8221; woodmart_disable_overflow=&#8221;0&#8243;][vc_row][vc_column width=&#8221;1\/2&#8243;]\n\t\t<div id=\"wd-6847e6e5ab626\" class=\"title-wrapper wd-wpb wd-set-mb reset-last-child  wd-rs-6847e6e5ab626 wd-title-color-default wd-title-style-default text-left  wd-underline-colored\">\n\t\t\t\t\t\t\t\n\t\t\t\t<div class=\"title-subtitle  subtitle-color-default font-alt subtitle-style-default wd-font-weight- wd-fontsize-xs\">Alk\u0131\u015f Temizlik ve Hal\u0131 Y\u0131kama Fabrikas\u0131<\/div>\n\t\t\t\n\t\t\t<div class=\"liner-continer\">\n\t\t\t\t<h4 class=\"woodmart-title-container title  wd-font-weight- wd-fontsize-l\" >El Hal\u0131s\u0131 Y\u0131kama Hizmetinde Profesyonellik: Alk\u0131\u015f Hal\u0131 Y\u0131kama \u0130zmit\u2019te Hizmetinizde!<\/h4>\n\t\t\t\t\t\t\t<\/div>\n\t\t\t\n\t\t\t\n\t\t\t\n\t\t<\/div>\n\t\t\n\t\t\t\t<div id=\"wd-6847e6f280a36\" class=\"wd-text-block wd-wpb reset-last-child wd-rs-6847e6f280a36 text-left \">\n\t\t\t<p data-start=\"386\" data-end=\"991\"><strong data-start=\"386\" data-end=\"405\">Kocaeli \u2013 \u0130zmit<\/strong> b\u00f6lgesinde hal\u0131 temizli\u011finde uzmanla\u015fan <strong data-start=\"446\" data-end=\"467\">Alk\u0131\u015f Hal\u0131 Y\u0131kama<\/strong>, de\u011ferli <strong data-start=\"477\" data-end=\"495\">el hal\u0131lar\u0131n\u0131z<\/strong> i\u00e7in \u00f6zel temizlik y\u00f6ntemleri sunarak, bu k\u0131ymetli dokuma eserleri uzun \u00f6m\u00fcrl\u00fc ve hijyenik bir hale getiriyor.<br data-start=\"606\" data-end=\"609\" \/>El dokumas\u0131 hal\u0131lar, s\u0131radan hal\u0131lardan farkl\u0131 olarak hem sanatsal hem k\u00fclt\u00fcrel de\u011fere sahiptir. Bu y\u00fczden <strong data-start=\"716\" data-end=\"736\">el hal\u0131s\u0131 y\u0131kama<\/strong>, uzmanl\u0131k ve hassasiyet gerektirir. <strong data-start=\"773\" data-end=\"794\">Alk\u0131\u015f Hal\u0131 Y\u0131kama<\/strong>, \u0130zmit ba\u015fta olmak \u00fczere <strong data-start=\"820\" data-end=\"928\">Yahyakaptan, Ye\u015filova, Malta, K\u00f6rfez, Ba\u015fiskele, Kartepe, Umuttepe, Kad\u0131k\u00f6y, Tav\u015fantepe, Cedit, Alikahya<\/strong> gibi bir\u00e7ok b\u00f6lgede \u00f6zel el hal\u0131s\u0131 y\u0131kama hizmeti sunmaktad\u0131r.<\/p>\n\t\t<\/div>\n\t\t[\/vc_column][vc_column width=&#8221;1\/2&#8243;]\t\t<div id=\"wd-6847e4abbb16e\" class=\"wd-image wd-wpb wd-rs-6847e4abbb16e text-right \">\n\t\t\t\n\t\t\t<img loading=\"lazy\" decoding=\"async\" width=\"370\" height=\"300\" src=\"https:\/\/www.alkishaliyikama.com\/wp-content\/uploads\/2025\/06\/Makine-Halisi-Yikama-Hizmeti-Kocaeli-Izmit-Korfez-Malta-Yesilova-Umuttepe-Alkis-Hali-Yikamada.png\" class=\"attachment-medium size-medium\" alt=\"Makine Hal\u0131s\u0131 Y\u0131kama Hizmeti Kocaeli \u0130zmit K\u00f6rfez Malta Ye\u015filova Umuttepe Alk\u0131\u015f Hal\u0131 Y\u0131kama&#039;da!\" \/>\n\t\t\t\t\t<\/div>\n\t\t[\/vc_column][\/vc_row][vc_row][vc_column]\n\t\t<div id=\"wd-6847e6fa141c2\" class=\"title-wrapper wd-wpb wd-set-mb reset-last-child  wd-rs-6847e6fa141c2 wd-title-color-default wd-title-style-default text-left  wd-underline-colored\">\n\t\t\t\n\t\t\t<div class=\"liner-continer\">\n\t\t\t\t<h4 class=\"woodmart-title-container title  wd-font-weight- wd-fontsize-l\" >El Hal\u0131s\u0131 Nedir? Neden \u00d6zel Temizlik Gerekir?<\/h4>\n\t\t\t\t\t\t\t<\/div>\n\t\t\t\n\t\t\t\n\t\t\t\n\t\t<\/div>\n\t\t\n\t\t\t\t<div id=\"wd-6847e6ffd019e\" class=\"wd-text-block wd-wpb reset-last-child wd-rs-6847e6ffd019e text-left \">\n\t\t\t<p data-start=\"1049\" data-end=\"1345\">El hal\u0131lar\u0131, geleneksel y\u00f6ntemlerle, do\u011fal iplikler ve el eme\u011fiyle dokunan, her biri bir sanat eseri niteli\u011fi ta\u015f\u0131yan hal\u0131lard\u0131r. Genellikle y\u00fcn, ipek veya pamuktan \u00fcretilirler. Bu \u00f6zel yap\u0131, hem y\u0131kama tekni\u011fi hem de temizlik \u00fcr\u00fcnleri a\u00e7\u0131s\u0131ndan standart y\u00f6ntemlerden uzak durulmas\u0131n\u0131 gerektirir.<\/p>\n<p data-start=\"1347\" data-end=\"1544\">Yanl\u0131\u015f y\u0131kama teknikleri, el hal\u0131s\u0131nda \u015fu zararlara yol a\u00e7abilir:<br data-start=\"1412\" data-end=\"1415\" \/>???? Renklerin akmas\u0131 veya solmas\u0131<br data-start=\"1447\" data-end=\"1450\" \/>???? Lif yap\u0131s\u0131n\u0131n bozulmas\u0131<br data-start=\"1476\" data-end=\"1479\" \/>???? El eme\u011finin zarar g\u00f6rmesi<br data-start=\"1507\" data-end=\"1510\" \/>???? K\u00fcf, nem veya k\u00f6t\u00fc koku olu\u015fumu<\/p>\n<p data-start=\"1546\" data-end=\"1702\">\u0130\u015fte bu y\u00fczden <strong data-start=\"1561\" data-end=\"1581\">el hal\u0131s\u0131 y\u0131kama<\/strong>, ancak bu i\u015fin uzman\u0131 ekipler taraf\u0131ndan yap\u0131lmal\u0131d\u0131r. Biz de bu noktada <strong data-start=\"1655\" data-end=\"1676\">Alk\u0131\u015f Hal\u0131 Y\u0131kama<\/strong> olarak devreye giriyoruz.<\/p>\n\t\t<\/div>\n\t\t[\/vc_column][\/vc_row][vc_row][vc_column]\n\t\t<div id=\"wd-6847e709c69b9\" class=\"title-wrapper wd-wpb wd-set-mb reset-last-child  wd-rs-6847e709c69b9 wd-title-color-default wd-title-style-default text-left  wd-underline-colored\">\n\t\t\t\n\t\t\t<div class=\"liner-continer\">\n\t\t\t\t<h4 class=\"woodmart-title-container title  wd-font-weight- wd-fontsize-l\" >Alk\u0131\u015f Hal\u0131 Y\u0131kama\u2019da El Hal\u0131s\u0131 Nas\u0131l Y\u0131kan\u0131r?<\/h4>\n\t\t\t\t\t\t\t<\/div>\n\t\t\t\n\t\t\t\n\t\t\t\n\t\t<\/div>\n\t\t\n\t\t\t\t<div id=\"wd-6847e70dc0b53\" class=\"wd-text-block wd-wpb reset-last-child wd-rs-6847e70dc0b53 text-left \">\n\t\t\t<p data-start=\"1250\" data-end=\"1331\">???? <strong data-start=\"1763\" data-end=\"1784\">\u00d6n De\u011ferlendirme:<\/strong> Hal\u0131n\u0131n ya\u015f\u0131, iplik t\u00fcr\u00fc, d\u00fc\u011f\u00fcm \u015fekli ve lekeler analiz edilir.<br data-start=\"1848\" data-end=\"1851\" \/>???? <strong data-start=\"1854\" data-end=\"1867\">Toz Alma:<\/strong> Hal\u0131n\u0131n dokusuna zarar vermeden, taban tozlar\u0131 vakumlanarak uzakla\u015ft\u0131r\u0131l\u0131r.<br data-start=\"1943\" data-end=\"1946\" \/>???? <strong data-start=\"1949\" data-end=\"1969\">Leke M\u00fcdahalesi:<\/strong> Kimyasal i\u00e7ermeyen, bitkisel bazl\u0131 sol\u00fcsyonlarla lekeler nazik\u00e7e \u00e7\u00f6z\u00fcl\u00fcr.<br data-start=\"2043\" data-end=\"2046\" \/>???? <strong data-start=\"2049\" data-end=\"2067\">El \u0130le Y\u0131kama:<\/strong> Otomatik makineler kullan\u0131lmaz! Hal\u0131, y\u0131kama uzmanlar\u0131m\u0131z taraf\u0131ndan elle, f\u0131r\u00e7a ve do\u011fal sabunlarla temizlenir.<br data-start=\"2180\" data-end=\"2183\" \/>???? <strong data-start=\"2186\" data-end=\"2208\">Durulama ve S\u0131kma:<\/strong> Il\u0131k suyla nazik\u00e7e durulanan hal\u0131, nemini kaybetmesi i\u00e7in \u00f6zel sistemlerde s\u0131k\u0131l\u0131r.<br data-start=\"2292\" data-end=\"2295\" \/>???? <strong data-start=\"2298\" data-end=\"2316\">Do\u011fal Kurutma:<\/strong> Hal\u0131, do\u011frudan g\u00fcne\u015f almayan hijyenik odalarda, as\u0131larak kurutulur.<br data-start=\"2384\" data-end=\"2387\" \/>???? <strong data-start=\"2390\" data-end=\"2414\">Kontrol ve Teslimat:<\/strong> Son kalite kontrol yap\u0131l\u0131r, \u00f6zel olarak paketlenir ve adresinize teslim edilir.<\/p>\n\t\t<\/div>\n\t\t[\/vc_column][\/vc_row][vc_row][vc_column]\n\t\t<div id=\"wd-6847e715a7e35\" class=\"title-wrapper wd-wpb wd-set-mb reset-last-child  wd-rs-6847e715a7e35 wd-title-color-default wd-title-style-default text-left  wd-underline-colored\">\n\t\t\t\n\t\t\t<div class=\"liner-continer\">\n\t\t\t\t<h4 class=\"woodmart-title-container title  wd-font-weight- wd-fontsize-l\" >Neden El Hal\u0131n\u0131z\u0131 Alk\u0131\u015f Hal\u0131 Y\u0131kama\u2019ya Emanet Etmelisiniz?<\/h4>\n\t\t\t\t\t\t\t<\/div>\n\t\t\t\n\t\t\t\n\t\t\t\n\t\t<\/div>\n\t\t\n\t\t\t\t<div id=\"wd-6847e71b24142\" class=\"wd-text-block wd-wpb reset-last-child wd-rs-6847e71b24142 text-left \">\n\t\t\t<p data-start=\"2122\" data-end=\"2381\">???? <strong data-start=\"2568\" data-end=\"2605\">Do\u011fal ve el hal\u0131s\u0131na \u00f6zel \u00fcr\u00fcnler<\/strong><br data-start=\"2605\" data-end=\"2608\" \/>???? <strong data-start=\"2611\" data-end=\"2642\">Tamamen elde y\u0131kama y\u00f6ntemi<\/strong><br data-start=\"2642\" data-end=\"2645\" \/>???? <strong data-start=\"2648\" data-end=\"2695\">\u00dccretsiz servis ile adresten al\u0131m ve teslim<\/strong><br data-start=\"2695\" data-end=\"2698\" \/>???? <strong data-start=\"2701\" data-end=\"2747\">Uzman analiz, renk sabitleyici \u00f6n uygulama<\/strong><br data-start=\"2747\" data-end=\"2750\" \/>???? <strong data-start=\"2753\" data-end=\"2820\">Hal\u0131n\u0131n orijinal dokusuna ve sanat\u0131na zarar verilmeden temizlik<\/strong><br data-start=\"2820\" data-end=\"2823\" \/>???? <strong data-start=\"2826\" data-end=\"2884\">\u0130zmit ve \u00e7evresinde h\u0131zl\u0131, g\u00fcvenli ve garantili hizmet<\/strong><\/p>\n\t\t<\/div>\n\t\t[\/vc_column][\/vc_row][vc_row][vc_column]\n\t\t<div id=\"wd-6847e72ca82ff\" class=\"title-wrapper wd-wpb wd-set-mb reset-last-child  wd-rs-6847e72ca82ff wd-title-color-default wd-title-style-default text-left  wd-underline-colored\">\n\t\t\t\n\t\t\t<div class=\"liner-continer\">\n\t\t\t\t<h4 class=\"woodmart-title-container title  wd-font-weight- wd-fontsize-l\" >El Hal\u0131s\u0131 Y\u0131kama Hakk\u0131nda S\u0131k Sorulan Sorular<\/h4>\n\t\t\t\t\t\t\t<\/div>\n\t\t\t\n\t\t\t\n\t\t\t\n\t\t<\/div>\n\t\t\n\t\t\t\t<div id=\"wd-68482e72829ce\" class=\"wd-text-block wd-wpb reset-last-child wd-rs-68482e72829ce text-left \">\n\t\t\t<p data-start=\"3697\" data-end=\"3876\"><strong data-start=\"3697\" data-end=\"3741\">\u2753El hal\u0131m\u0131 evde kendim y\u0131kayabilir miyim?<\/strong><br data-start=\"3741\" data-end=\"3744\" \/>\u27a1Hay\u0131r. Evde yap\u0131lan uygulamalar hal\u0131n\u0131n rengini soldurabilir ve dokusunu bozabilir. El hal\u0131lar\u0131 elde, \u00f6zel tekniklerle y\u0131kanmal\u0131d\u0131r.<\/p>\n<p data-start=\"3878\" data-end=\"4052\"><strong data-start=\"3878\" data-end=\"3916\">\u2753El hal\u0131m \u00e7ok eski, zarar g\u00f6r\u00fcr m\u00fc?<\/strong><br data-start=\"3916\" data-end=\"3919\" \/>\u27a1Aksine, do\u011fru tekniklerle y\u0131kand\u0131\u011f\u0131nda hal\u0131n\u0131z tazelenir, renkleri canlan\u0131r. Eski el hal\u0131lar\u0131na \u00f6zel \u201crestoratif temizlik\u201d sunuyoruz.<\/p>\n<p data-start=\"4054\" data-end=\"4180\"><strong data-start=\"4054\" data-end=\"4074\">\u2753Renkler akar m\u0131?<\/strong><br data-start=\"4074\" data-end=\"4077\" \/>\u27a1Kulland\u0131\u011f\u0131m\u0131z sabunlar ve teknikler, do\u011fal boyalara zarar vermez. \u00d6nce renk sabitleme i\u015flemi uygulan\u0131r.<\/p>\n\t\t<\/div>\n\t\t[\/vc_column][\/vc_row][vc_row][vc_column]\n\t\t<div id=\"wd-6847e5fd976d5\" class=\"title-wrapper wd-wpb wd-set-mb reset-last-child  wd-rs-6847e5fd976d5 wd-title-color-default wd-title-style-default text-left  wd-underline-colored\">\n\t\t\t\n\t\t\t<div class=\"liner-continer\">\n\t\t\t\t<h4 class=\"woodmart-title-container title  wd-font-weight- wd-fontsize-l\" >Hangi B\u00f6lgelerdeyiz?<\/h4>\n\t\t\t\t\t\t\t<\/div>\n\t\t\t\n\t\t\t\n\t\t\t\n\t\t<\/div>\n\t\t\n\t\t\t\t<div id=\"wd-6847e744e86cd\" class=\"wd-text-block wd-wpb reset-last-child wd-rs-6847e744e86cd text-left \">\n\t\t\t<p data-start=\"3046\" data-end=\"3462\"><strong data-start=\"3046\" data-end=\"3067\">Alk\u0131\u015f Hal\u0131 Y\u0131kama<\/strong>, ba\u015fta \u0130zmit olmak \u00fczere \u015fu b\u00f6lgelerde h\u0131zl\u0131 ve profesyonel hizmet sunar:<br data-start=\"3141\" data-end=\"3144\" \/>???? \u0130zmit, Yahyakaptan, Ye\u015filova, Malta, Umuttepe, K\u00f6rfez, Yeni\u015fehir, Ba\u015fiskele, Sanayi, Kuru\u00e7e\u015fme, Plajyolu, Kad\u0131k\u00f6y, Karaba\u015f, Merkez, Ayazma, Kartepe, Alemdar, G\u00fcndo\u011fdu, 60 Evler, Yenikent, T\u00fcys\u00fczer, Orduevi, Halkevi, Bekirpa\u015fa, G\u00fcltepe, Alikahya, Ak\u00e7akoca, Tav\u015fantepe, 28 Haziran, Orhan, Turgut, Top\u00e7ular, Cedit ve \u00e7evresi.<\/p>\n\t\t<\/div>\n\t\t[\/vc_column][\/vc_row][vc_row][vc_column]\n\t\t<div id=\"wd-6847e61118107\" class=\"title-wrapper wd-wpb wd-set-mb reset-last-child  wd-rs-6847e61118107 wd-title-color-default wd-title-style-default text-left  wd-underline-colored\">\n\t\t\t\n\t\t\t<div class=\"liner-continer\">\n\t\t\t\t<h4 class=\"woodmart-title-container title  wd-font-weight- wd-fontsize-l\" >Hayal Etti\u011finiz Temizlik \u0130\u00e7in Alk\u0131\u015f Hal\u0131 Y\u0131kama<\/h4>\n\t\t\t\t\t\t\t<\/div>\n\t\t\t\n\t\t\t\n\t\t\t\n\t\t<\/div>\n\t\t\n\t\t\t\t<div id=\"wd-6847e76778bac\" class=\"wd-text-block wd-wpb reset-last-child wd-rs-6847e76778bac text-left \">\n\t\t\t<p data-start=\"4795\" data-end=\"5036\">Kalitenin ve g\u00fcvenin adresi <strong data-start=\"4823\" data-end=\"4844\">Alk\u0131\u015f Hal\u0131 Y\u0131kama<\/strong>, <strong data-start=\"4846\" data-end=\"4878\">Kocaeli el hal\u0131s\u0131 y\u0131kama<\/strong> hizmetinde lider markalardan biri olman\u0131n gururunu ya\u015famaktad\u0131r. H\u0131zl\u0131, ekonomik ve g\u00fcvenilir \u00e7\u00f6z\u00fcmlerimizden faydalanmak i\u00e7in hemen bizimle ileti\u015fime ge\u00e7in!<\/p>\n<p data-start=\"4795\" data-end=\"5036\">El eme\u011fi g\u00f6z nuru hal\u0131lar\u0131n\u0131z i\u00e7in s\u0131radan \u00e7\u00f6z\u00fcmler de\u011fil, <strong data-start=\"4306\" data-end=\"4320\">\u00f6zel bak\u0131m<\/strong> sunuyoruz. <strong data-start=\"4332\" data-end=\"4384\">Temizlik, kalite ve g\u00fcveni bir arada ar\u0131yorsan\u0131z<\/strong>, Alk\u0131\u015f Hal\u0131 Y\u0131kama tam size g\u00f6re!<\/p>\n<p data-start=\"5038\" data-end=\"5169\">???? <strong data-start=\"5041\" data-end=\"5054\">\u0130leti\u015fim:<\/strong> +90 (552) 551 41 01<br data-start=\"5074\" data-end=\"5077\" \/>???? <strong data-start=\"5080\" data-end=\"5101\">Hizmet B\u00f6lgeleri:<\/strong> \u0130zmit, Yahyakaptan, K\u00f6rfez, Umuttepe, Derince, Ye\u015filova ve \u00e7evresi.<\/p>\n\t\t<\/div>\n\t\t[\/vc_column][\/vc_row][vc_row][vc_column]\n\t\t<div id=\"wd-6847e64bd5dee\" class=\"title-wrapper wd-wpb wd-set-mb reset-last-child  wd-rs-6847e64bd5dee wd-title-color-default wd-title-style-default text-left  wd-underline-colored\">\n\t\t\t\n\t\t\t<div class=\"liner-continer\">\n\t\t\t\t<h4 class=\"woodmart-title-container title  wd-font-weight- wd-fontsize-l\" >Temizlikte \u00d6zel Kaliteyi Alk\u0131\u015flay\u0131n!<\/h4>\n\t\t\t\t\t\t\t<\/div>\n\t\t\t\n\t\t\t\n\t\t\t\n\t\t<\/div>\n\t\t\n\t\t\t\t<div id=\"wd-6847e655a18f5\" class=\"wd-text-block wd-wpb reset-last-child wd-rs-6847e655a18f5 text-left \">\n\t\t\t<p data-start=\"3801\" data-end=\"3998\">Hijyenin ve g\u00fcvenin simgesi olan <strong data-start=\"3834\" data-end=\"3855\">Alk\u0131\u015f Hal\u0131 Y\u0131kama<\/strong>, hal\u0131lar\u0131n\u0131z i\u00e7in en ideal temizlik \u00e7\u00f6z\u00fcm\u00fcn\u00fc sunar. Hemen \u015fimdi bizimle ileti\u015fime ge\u00e7in, hal\u0131lar\u0131n\u0131z\u0131 tertemiz teslim alman\u0131n keyfini ya\u015fay\u0131n!<\/p>\n\t\t<\/div>\n\t\t[\/vc_column][\/vc_row][\/vc_section]<\/p>\n<\/div>","protected":false},"excerpt":{"rendered":"<p>[vc_section woodmart_css_id=&#8221;68581cf9bba12&#8243; responsive_spacing=&#8221;eyJwYXJhbV90eXBlIjoid29vZG1hcnRfcmVzcG9uc2l2ZV9zcGFjaW5nIiwic2VsZWN0b3JfaWQiOiI2ODU4MWNmOWJiYTEyIiwic2hvcnRjb2RlIjoidmNfc2VjdGlvbiIsImRhdGEiOnsidGFibGV0Ijp7fSwibW9iaWxlIjp7fX19&#8243; mobile_bg_img_hidden=&#8221;no&#8221; tablet_bg_img_hidden=&#8221;no&#8221; woodmart_parallax=&#8221;0&#8243; woodmart_gradient_switch=&#8221;no&#8221; woodmart_box_shadow=&#8221;no&#8221; wd_z_index=&#8221;no&#8221; woodmart_disable_overflow=&#8221;0&#8243;][vc_row][vc_column width=&#8221;1\/2&#8243;][\/vc_column][vc_column width=&#8221;1\/2&#8243;][\/vc_column][\/vc_row][vc_row][vc_column][\/vc_column][\/vc_row][vc_row][vc_column][\/vc_column][\/vc_row][vc_row][vc_column][\/vc_column][\/vc_row][vc_row][vc_column][\/vc_column][\/vc_row][vc_row][vc_column][\/vc_column][\/vc_row][vc_row][vc_column][\/vc_column][\/vc_row][vc_row][vc_column][\/vc_column][\/vc_row][\/vc_section]<\/p>\n","protected":false},"author":1,"featured_media":0,"parent":9504,"menu_order":0,"comment_status":"closed","ping_status":"closed","template":"","meta":{"footnotes":""},"class_list":["post-9508","page","type-page","status-publish","hentry"],"_links":{"self":[{"href":"https:\/\/www.alkishaliyikama.com\/index.php\/wp-json\/wp\/v2\/pages\/9508","targetHints":{"allow":["GET"]}}],"collection":[{"href":"https:\/\/www.alkishaliyikama.com\/index.php\/wp-json\/wp\/v2\/pages"}],"about":[{"href":"https:\/\/www.alkishaliyikama.com\/index.php\/wp-json\/wp\/v2\/types\/page"}],"author":[{"embeddable":true,"href":"https:\/\/www.alkishaliyikama.com\/index.php\/wp-json\/wp\/v2\/users\/1"}],"replies":[{"embeddable":true,"href":"https:\/\/www.alkishaliyikama.com\/index.php\/wp-json\/wp\/v2\/comments?post=9508"}],"version-history":[{"count":3,"href":"https:\/\/www.alkishaliyikama.com\/index.php\/wp-json\/wp\/v2\/pages\/9508\/revisions"}],"predecessor-version":[{"id":9682,"href":"https:\/\/www.alkishaliyikama.com\/index.php\/wp-json\/wp\/v2\/pages\/9508\/revisions\/9682"}],"up":[{"embeddable":true,"href":"https:\/\/www.alkishaliyikama.com\/index.php\/wp-json\/wp\/v2\/pages\/9504"}],"wp:attachment":[{"href":"https:\/\/www.alkishaliyikama.com\/index.php\/wp-json\/wp\/v2\/media?parent=9508"}],"curies":[{"name":"wp","href":"https:\/\/api.w.org\/{rel}","templated":true}]}}